CRAN Package Check Results for Package CB2

Last updated on 2020-08-11 06:47:15 CEST.

Flavor Version Tinstall Tcheck Ttotal Status Flags
r-devel-linux-x86_64-debian-clang 1.3.4 46.35 83.50 129.85 OK
r-devel-linux-x86_64-debian-gcc 1.3.4 34.46 62.54 97.00 OK
r-devel-linux-x86_64-fedora-clang 1.3.4 168.08 NOTE
r-devel-linux-x86_64-fedora-gcc 1.3.4 151.53 OK
r-devel-windows-ix86+x86_64 1.3.4 79.00 240.00 319.00 NOTE
r-patched-linux-x86_64 1.3.4 37.88 80.14 118.02 OK
r-patched-solaris-x86 1.3.4 202.60 OK
r-release-linux-x86_64 1.3.4 35.71 78.93 114.64 OK
r-release-macos-x86_64 1.3.4 NOTE
r-release-windows-ix86+x86_64 1.3.4 117.00 254.00 371.00 NOTE
r-oldrel-macos-x86_64 1.3.4 NOTE
r-oldrel-windows-ix86+x86_64 1.3.4 72.00 181.00 253.00 OK

Check Details

Version: 1.3.4
Check: installed package size
Result: NOTE
     installed size is 6.3Mb
     sub-directories of 1Mb or more:
     data 1.6Mb
     extdata 1.1Mb
     libs 3.1Mb
Flavors: r-devel-linux-x86_64-fedora-clang, r-devel-windows-ix86+x86_64, r-release-macos-x86_64, r-release-windows-ix86+x86_64, r-oldrel-macos-x86_64