CRAN Package Check Results for Package CCMMR

Last updated on 2024-07-16 07:01:34 CEST.

Flavor Version Tinstall Tcheck Ttotal Status Flags
r-devel-linux-x86_64-debian-clang 0.2 75.15 41.54 116.69 OK
r-devel-linux-x86_64-debian-gcc 0.2 48.13 31.98 80.11 OK
r-devel-linux-x86_64-fedora-clang 0.2 161.65 OK
r-devel-linux-x86_64-fedora-gcc 0.2 160.99 OK
r-devel-windows-x86_64 0.2 55.00 67.00 122.00 OK
r-patched-linux-x86_64 0.2 59.79 40.44 100.23 OK
r-release-linux-x86_64 0.2 59.23 39.59 98.82 OK
r-release-macos-arm64 0.2 35.00 NOTE
r-release-macos-x86_64 0.2 56.00 NOTE
r-release-windows-x86_64 0.2 56.00 71.00 127.00 OK
r-oldrel-macos-arm64 0.2 52.00 NOTE
r-oldrel-macos-x86_64 0.2 73.00 NOTE
r-oldrel-windows-x86_64 0.2 69.00 81.00 150.00 OK

Check Details

Version: 0.2
Check: installed package size
Result: NOTE installed size is 5.7Mb sub-directories of 1Mb or more: libs 5.6Mb Flavors: r-release-macos-arm64, r-release-macos-x86_64, r-oldrel-macos-arm64, r-oldrel-macos-x86_64