Last updated on 2023-03-25 05:50:27 CET.
Flavor | Version | Tinstall | Tcheck | Ttotal | Status | Flags |
---|---|---|---|---|---|---|
r-devel-linux-x86_64-debian-clang | 1.1 | 4.60 | 40.23 | 44.83 | NOTE | |
r-devel-linux-x86_64-debian-gcc | 1.1 | 3.25 | 30.84 | 34.09 | NOTE | |
r-devel-linux-x86_64-fedora-clang | 1.1 | 56.13 | NOTE | |||
r-devel-linux-x86_64-fedora-gcc | 1.1 | 53.81 | NOTE | |||
r-devel-windows-x86_64 | 1.1 | 25.00 | 89.00 | 114.00 | NOTE | |
r-patched-linux-x86_64 | 1.1 | 4.93 | 40.18 | 45.11 | NOTE | |
r-release-linux-x86_64 | 1.1 | 4.10 | 40.84 | 44.94 | NOTE | |
r-release-macos-arm64 | 1.1 | 23.00 | NOTE | |||
r-release-macos-x86_64 | 1.1 | 29.00 | NOTE | |||
r-release-windows-x86_64 | 1.1 | 11.00 | 71.00 | 82.00 | NOTE | |
r-oldrel-macos-arm64 | 1.1 | 34.00 | NOTE | |||
r-oldrel-macos-x86_64 | 1.1 | 42.00 | NOTE | |||
r-oldrel-windows-ix86+x86_64 | 1.1 | 10.00 | 93.00 | 103.00 | NOTE |
Version: 1.1
Check: DESCRIPTION meta-information
Result: NOTE
Malformed Description field: should contain one or more complete sentences.
Flavors: r-devel-linux-x86_64-debian-clang, r-devel-linux-x86_64-debian-gcc, r-devel-linux-x86_64-fedora-clang, r-devel-linux-x86_64-fedora-gcc, r-devel-windows-x86_64, r-patched-linux-x86_64, r-release-linux-x86_64, r-release-macos-arm64, r-release-macos-x86_64, r-release-windows-x86_64, r-oldrel-macos-arm64, r-oldrel-macos-x86_64, r-oldrel-windows-ix86+x86_64
Version: 1.1
Check: LazyData
Result: NOTE
'LazyData' is specified without a 'data' directory
Flavors: r-devel-linux-x86_64-debian-clang, r-devel-linux-x86_64-debian-gcc, r-devel-linux-x86_64-fedora-clang, r-devel-linux-x86_64-fedora-gcc, r-devel-windows-x86_64, r-patched-linux-x86_64, r-release-linux-x86_64, r-release-macos-arm64, r-release-macos-x86_64, r-release-windows-x86_64, r-oldrel-macos-arm64, r-oldrel-macos-x86_64, r-oldrel-windows-ix86+x86_64
Version: 1.1
Check: compiled code
Result: NOTE
File ‘CDLasso/libs/CDLasso.so’:
Found no calls to: ‘R_registerRoutines’, ‘R_useDynamicSymbols’
It is good practice to register native routines and to disable symbol
search.
See ‘Writing portable packages’ in the ‘Writing R Extensions’ manual.
Flavors: r-devel-linux-x86_64-fedora-clang, r-devel-linux-x86_64-fedora-gcc