CRAN Package Check Results for Package CDSeq

Last updated on 2021-06-13 06:49:45 CEST.

Flavor Version Tinstall Tcheck Ttotal Status Flags
r-devel-linux-x86_64-debian-clang 1.0.8 73.65 239.59 313.24 OK
r-devel-linux-x86_64-debian-gcc 1.0.8 51.09 180.45 231.54 OK
r-devel-linux-x86_64-fedora-clang 1.0.8 398.37 NOTE
r-devel-linux-x86_64-fedora-gcc 1.0.8 370.68 NOTE
r-devel-windows-x86_64 1.0.8 98.00 335.00 433.00 OK
r-devel-windows-x86_64-gcc10-UCRT 1.0.8 NOTE
r-patched-linux-x86_64 1.0.8 61.47 229.86 291.33 OK
r-patched-solaris-x86 1.0.8 478.80 NOTE
r-release-linux-x86_64 1.0.8 59.74 226.65 286.39 OK
r-release-macos-arm64 1.0.8 NOTE
r-release-macos-x86_64 1.0.8 NOTE
r-release-windows-ix86+x86_64 1.0.8 169.00 447.00 616.00 NOTE
r-oldrel-macos-x86_64 1.0.8 NOTE
r-oldrel-windows-ix86+x86_64 1.0.8 124.00 11.00 135.00 ERROR

Check Details

Version: 1.0.8
Check: installed package size
Result: NOTE
     installed size is 5.0Mb
     sub-directories of 1Mb or more:
     doc 2.4Mb
     libs 1.3Mb
Flavors: r-devel-linux-x86_64-fedora-clang, r-release-macos-arm64, r-release-macos-x86_64, r-release-windows-ix86+x86_64, r-oldrel-macos-x86_64

Version: 1.0.8
Check: dependencies in R code
Result: NOTE
    Namespaces in Imports field not imported from:
     ‘ggpubr’ ‘matrixStats’ ‘qlcMatrix’
     All declared Imports should be used.
Flavors: r-devel-linux-x86_64-fedora-clang, r-devel-linux-x86_64-fedora-gcc, r-devel-windows-x86_64-gcc10-UCRT, r-patched-solaris-x86, r-release-macos-arm64, r-release-macos-x86_64, r-oldrel-macos-x86_64

Version: 1.0.8
Check: whether package can be installed
Result: ERROR
    Installation failed.
Flavor: r-oldrel-windows-ix86+x86_64