CRAN Package Check Results for Package CINNA

Last updated on 2022-05-28 07:05:49 CEST.

Flavor Version Tinstall Tcheck Ttotal Status Flags
r-devel-linux-x86_64-debian-clang 1.2.0 17.42 176.78 194.20 OK
r-devel-linux-x86_64-debian-gcc 1.2.0 10.81 134.11 144.92 OK
r-devel-linux-x86_64-fedora-clang 1.2.0 239.50 NOTE
r-devel-linux-x86_64-fedora-gcc 1.2.0 243.01 NOTE
r-devel-windows-x86_64 1.2.0 31.00 186.00 217.00 OK
r-patched-linux-x86_64 1.2.0 16.58 170.25 186.83 OK
r-release-linux-x86_64 1.2.0 15.75 172.64 188.39 OK
r-release-macos-arm64 1.2.0 65.00 NOTE
r-release-macos-x86_64 1.2.0 106.00 NOTE
r-release-windows-x86_64 1.2.0 40.00 188.00 228.00 OK
r-oldrel-macos-arm64 1.2.0 59.00 NOTE
r-oldrel-macos-x86_64 1.2.0 89.00 NOTE
r-oldrel-windows-ix86+x86_64 1.2.0 38.00 185.00 223.00 OK

Check Details

Version: 1.2.0
Check: dependencies in R code
Result: NOTE
    Namespace in Imports field not imported from: ‘circlize’
     All declared Imports should be used.
Flavors: r-devel-linux-x86_64-fedora-clang, r-devel-linux-x86_64-fedora-gcc, r-release-macos-arm64, r-release-macos-x86_64, r-oldrel-macos-arm64, r-oldrel-macos-x86_64