CRAN Package Check Results for Package CINNA

Last updated on 2020-09-27 06:46:29 CEST.

Flavor Version Tinstall Tcheck Ttotal Status Flags
r-devel-linux-x86_64-debian-clang 1.1.53 14.55 143.39 157.94 OK
r-devel-linux-x86_64-debian-gcc 1.1.53 9.99 107.03 117.02 OK
r-devel-linux-x86_64-fedora-clang 1.1.53 193.92 NOTE
r-devel-linux-x86_64-fedora-gcc 1.1.53 226.51 NOTE
r-devel-windows-ix86+x86_64 1.1.53 32.00 192.00 224.00 OK
r-patched-linux-x86_64 1.1.53 11.37 135.80 147.17 OK
r-patched-solaris-x86 1.1.53 252.40 NOTE
r-release-linux-x86_64 1.1.53 10.49 134.48 144.97 OK
r-release-macos-x86_64 1.1.53 NOTE
r-release-windows-ix86+x86_64 1.1.53 35.00 182.00 217.00 OK
r-oldrel-macos-x86_64 1.1.53 NOTE
r-oldrel-windows-ix86+x86_64 1.1.53 27.00 167.00 194.00 OK

Check Details

Version: 1.1.53
Check: dependencies in R code
Result: NOTE
    Namespace in Imports field not imported from: ‘circlize’
     All declared Imports should be used.
Flavors: r-devel-linux-x86_64-fedora-clang, r-devel-linux-x86_64-fedora-gcc, r-patched-solaris-x86, r-release-macos-x86_64, r-oldrel-macos-x86_64