Last updated on 2022-06-26 06:50:33 CEST.
Flavor | Version | Tinstall | Tcheck | Ttotal | Status | Flags |
---|---|---|---|---|---|---|
r-devel-linux-x86_64-debian-clang | 0.1.1 | 4.17 | 144.84 | 149.01 | NOTE | |
r-devel-linux-x86_64-debian-gcc | 0.1.1 | 2.71 | 101.35 | 104.06 | NOTE | |
r-devel-linux-x86_64-fedora-clang | 0.1.1 | 181.65 | NOTE | |||
r-devel-linux-x86_64-fedora-gcc | 0.1.1 | 178.21 | NOTE | |||
r-devel-windows-x86_64 | 0.1.1 | 13.00 | 170.00 | 183.00 | NOTE | |
r-patched-linux-x86_64 | 0.1.1 | 3.81 | 137.84 | 141.65 | NOTE | |
r-release-linux-x86_64 | 0.1.1 | 4.00 | 135.40 | 139.40 | NOTE | |
r-release-macos-arm64 | 0.1.1 | 43.00 | NOTE | |||
r-release-macos-x86_64 | 0.1.1 | 56.00 | NOTE | |||
r-release-windows-x86_64 | 0.1.1 | 13.00 | 176.00 | 189.00 | NOTE | |
r-oldrel-macos-arm64 | 0.1.1 | 48.00 | NOTE | |||
r-oldrel-macos-x86_64 | 0.1.1 | 84.00 | NOTE | |||
r-oldrel-windows-ix86+x86_64 | 0.1.1 | 8.00 | 188.00 | 196.00 | NOTE |
Version: 0.1.1
Check: LazyData
Result: NOTE
'LazyData' is specified without a 'data' directory
Flavors: r-devel-linux-x86_64-debian-clang, r-devel-linux-x86_64-debian-gcc, r-devel-linux-x86_64-fedora-clang, r-devel-linux-x86_64-fedora-gcc, r-devel-windows-x86_64, r-patched-linux-x86_64, r-release-linux-x86_64, r-release-macos-arm64, r-release-macos-x86_64, r-release-windows-x86_64, r-oldrel-macos-arm64, r-oldrel-macos-x86_64, r-oldrel-windows-ix86+x86_64