CRAN Package Check Results for Package COMPoissonReg

Last updated on 2023-01-28 07:14:51 CET.

Flavor Version Tinstall Tcheck Ttotal Status Flags
r-devel-linux-x86_64-debian-clang 0.8.0 56.64 119.19 175.83 OK
r-devel-linux-x86_64-debian-gcc 0.8.0 40.58 87.78 128.36 OK
r-devel-linux-x86_64-fedora-clang 0.8.0 249.43 OK
r-devel-linux-x86_64-fedora-gcc 0.8.0 227.40 OK
r-devel-windows-x86_64 0.8.0 135.00 255.00 390.00 OK
r-patched-linux-x86_64 0.8.0 42.52 115.52 158.04 OK
r-release-linux-x86_64 0.8.0 45.92 118.04 163.96 OK
r-release-macos-arm64 0.8.0 71.00 OK
r-release-macos-x86_64 0.8.0 86.00 OK
r-release-windows-x86_64 0.8.0 124.00 281.00 405.00 OK
r-oldrel-macos-arm64 0.8.0 75.00 OK
r-oldrel-macos-x86_64 0.8.0 89.00 OK
r-oldrel-windows-ix86+x86_64 0.8.0 127.00 225.00 352.00 WARN

Check Details

Version: 0.8.0
Check: re-building of vignette outputs
Result: WARN
    Error(s) in re-building vignettes:
    --- re-building 'vignette.Rmd' using rmarkdown
    ! Missing $ inserted.
    <inserted text>
     $
    l.2245 g(\gamma
     \_0) = -\log Z(\lambda, e\^{}\{\gamma\_0\}) ) and its first and
    
    Try to find the following text in d:/RCompile/CRANpkg/local/4.1/COMPoissonReg.Rcheck/vign_test/COMPoissonReg/vignettes/vignette.Rmd:
     g(\gamma
    
    You may need to add $ $ around a certain inline R expression `r ` in d:/RCompile/CRANpkg/local/4.1/COMPoissonReg.Rcheck/vign_test/COMPoissonReg/vignettes/vignette.Rmd (see the above hint). See https://github.com/rstudio/rmarkdown/issues/385 for more info.
    Error: processing vignette 'vignette.Rmd' failed with diagnostics:
    LaTeX failed to compile d:/RCompile/CRANpkg/local/4.1/COMPoissonReg.Rcheck/vign_test/COMPoissonReg/vignettes/vignette.tex. See https://yihui.org/tinytex/r/#debugging for debugging tips. See vignette.log for more info.
    --- failed re-building 'vignette.Rmd'
    
    SUMMARY: processing the following file failed:
     'vignette.Rmd'
    
    Error: Vignette re-building failed.
    Execution halted
Flavor: r-oldrel-windows-ix86+x86_64