Last updated on 2021-01-18 06:46:30 CET.
Flavor | Version | Tinstall | Tcheck | Ttotal | Status | Flags |
---|---|---|---|---|---|---|
r-devel-linux-x86_64-debian-clang | 0.1.0 | 36.88 | 89.11 | 125.99 | OK | |
r-devel-linux-x86_64-debian-gcc | 0.1.0 | 25.84 | 55.51 | 81.35 | OK | |
r-devel-linux-x86_64-fedora-clang | 0.1.0 | 173.56 | NOTE | |||
r-devel-linux-x86_64-fedora-gcc | 0.1.0 | 139.41 | NOTE | |||
r-devel-windows-ix86+x86_64 | 0.1.0 | 63.00 | 151.00 | 214.00 | OK | |
r-patched-linux-x86_64 | 0.1.0 | 30.08 | 72.91 | 102.99 | OK | |
r-patched-solaris-x86 | 0.1.0 | 195.70 | NOTE | |||
r-release-linux-x86_64 | 0.1.0 | 29.75 | 72.56 | 102.31 | OK | |
r-release-macos-x86_64 | 0.1.0 | NOTE | ||||
r-release-windows-ix86+x86_64 | 0.1.0 | 75.00 | 173.00 | 248.00 | OK | |
r-oldrel-macos-x86_64 | 0.1.0 | NOTE | ||||
r-oldrel-windows-ix86+x86_64 | 0.1.0 | 78.00 | 174.00 | 252.00 | OK |
Version: 0.1.0
Check: dependencies in R code
Result: NOTE
Namespaces in Imports field not imported from:
‘Rdpack’ ‘grDevices’
All declared Imports should be used.
Flavors: r-devel-linux-x86_64-fedora-clang, r-devel-linux-x86_64-fedora-gcc, r-patched-solaris-x86, r-release-macos-x86_64, r-oldrel-macos-x86_64