CRAN Package Check Results for Package CPP

Last updated on 2024-06-22 07:49:25 CEST.

Flavor Version Tinstall Tcheck Ttotal Status Flags
r-devel-linux-x86_64-debian-clang 0.1.0 12.37 114.08 126.45 NOTE
r-devel-linux-x86_64-debian-gcc 0.1.0 8.42 82.25 90.67 NOTE
r-devel-linux-x86_64-fedora-clang 0.1.0 164.95 NOTE
r-devel-linux-x86_64-fedora-gcc 0.1.0 147.22 NOTE
r-devel-windows-x86_64 0.1.0 10.00 100.00 110.00 NOTE
r-patched-linux-x86_64 0.1.0 13.58 110.37 123.95 NOTE
r-release-linux-x86_64 0.1.0 9.56 109.06 118.62 NOTE
r-release-macos-arm64 0.1.0 40.00 NOTE
r-release-macos-x86_64 0.1.0 60.00 NOTE
r-release-windows-x86_64 0.1.0 11.00 93.00 104.00 NOTE
r-oldrel-macos-arm64 0.1.0 31.00 NOTE
r-oldrel-macos-x86_64 0.1.0 55.00 NOTE
r-oldrel-windows-x86_64 0.1.0 15.00 110.00 125.00 NOTE

Check Details

Version: 0.1.0
Check: LazyData
Result: NOTE 'LazyData' is specified without a 'data' directory Flavors: r-devel-linux-x86_64-debian-clang, r-devel-linux-x86_64-debian-gcc, r-devel-linux-x86_64-fedora-clang, r-devel-linux-x86_64-fedora-gcc, r-devel-windows-x86_64, r-patched-linux-x86_64, r-release-linux-x86_64, r-release-macos-arm64, r-release-macos-x86_64, r-release-windows-x86_64, r-oldrel-macos-arm64, r-oldrel-macos-x86_64, r-oldrel-windows-x86_64