CRAN Package Check Results for Package CSESA

Last updated on 2022-01-26 06:50:10 CET.

Flavor Version Tinstall Tcheck Ttotal Status Flags
r-devel-linux-x86_64-debian-clang 1.2.0 17.28 141.36 158.64 NOTE
r-devel-linux-x86_64-debian-gcc 1.2.0 12.35 107.82 120.17 NOTE
r-devel-linux-x86_64-fedora-clang 1.2.0 193.52 NOTE
r-devel-linux-x86_64-fedora-gcc 1.2.0 185.99 NOTE
r-devel-windows-x86_64-new-UL 1.2.0 48.00 147.00 195.00 NOTE
r-devel-windows-x86_64-new-TK 1.2.0 NOTE
r-patched-linux-x86_64 1.2.0 15.10 126.35 141.45 NOTE
r-release-linux-x86_64 1.2.0 13.61 127.57 141.18 NOTE
r-release-macos-arm64 1.2.0 NOTE
r-release-macos-x86_64 1.2.0 NOTE
r-release-windows-ix86+x86_64 1.2.0 34.00 141.00 175.00 NOTE
r-oldrel-macos-x86_64 1.2.0 OK
r-oldrel-windows-ix86+x86_64 1.2.0 31.00 133.00 164.00 OK

Check Details

Version: 1.2.0
Check: LazyData
Result: NOTE
     'LazyData' is specified without a 'data' directory
Flavors: r-devel-linux-x86_64-debian-clang, r-devel-linux-x86_64-debian-gcc, r-devel-linux-x86_64-fedora-clang, r-devel-linux-x86_64-fedora-gcc, r-devel-windows-x86_64-new-UL, r-devel-windows-x86_64-new-TK, r-patched-linux-x86_64, r-release-linux-x86_64, r-release-macos-arm64, r-release-macos-x86_64, r-release-windows-ix86+x86_64