CRAN Package Check Results for Package CTM

Last updated on 2021-04-17 06:46:39 CEST.

Flavor Version Tinstall Tcheck Ttotal Status Flags
r-devel-linux-x86_64-debian-clang 0.2 2.57 31.27 33.84 NOTE
r-devel-linux-x86_64-debian-gcc 0.2 2.11 24.83 26.94 NOTE
r-devel-linux-x86_64-fedora-clang 0.2 49.52 NOTE
r-devel-linux-x86_64-fedora-gcc 0.2 42.90 NOTE
r-devel-windows-ix86+x86_64 0.2 7.00 54.00 61.00 NOTE
r-devel-windows-x86_64-gcc10-UCRT 0.2 NOTE
r-patched-linux-x86_64 0.2 2.28 29.99 32.27 OK
r-patched-solaris-x86 0.2 65.90 OK
r-release-linux-x86_64 0.2 2.39 29.96 32.35 OK
r-release-macos-x86_64 0.2 OK
r-release-windows-ix86+x86_64 0.2 6.00 53.00 59.00 OK
r-oldrel-macos-x86_64 0.2 OK
r-oldrel-windows-ix86+x86_64 0.2 4.00 54.00 58.00 OK

Check Details

Version: 0.2
Check: LazyData
Result: NOTE
     'LazyData' is specified without a 'data' directory
Flavors: r-devel-linux-x86_64-debian-clang, r-devel-linux-x86_64-debian-gcc, r-devel-linux-x86_64-fedora-clang, r-devel-linux-x86_64-fedora-gcc, r-devel-windows-ix86+x86_64, r-devel-windows-x86_64-gcc10-UCRT