CRAN Package Check Results for Package CTP

Last updated on 2022-01-27 06:48:30 CET.

Flavor Version Tinstall Tcheck Ttotal Status Flags
r-devel-linux-x86_64-debian-clang 3.0.1 16.68 153.12 169.80 OK
r-devel-linux-x86_64-debian-gcc 3.0.1 11.84 114.52 126.36 OK
r-devel-linux-x86_64-fedora-clang 3.0.1 208.02 NOTE
r-devel-linux-x86_64-fedora-gcc 3.0.1 201.41 NOTE
r-devel-windows-x86_64-new-UL 3.0.1 46.00 172.00 218.00 OK
r-devel-windows-x86_64-new-TK 3.0.1 NOTE
r-patched-linux-x86_64 3.0.1 14.01 138.89 152.90 OK
r-release-linux-x86_64 3.0.1 9.87 141.64 151.51 OK
r-release-macos-arm64 3.0.1 NOTE
r-release-macos-x86_64 3.0.1 NOTE
r-release-windows-ix86+x86_64 3.0.1 34.00 164.00 198.00 OK
r-oldrel-macos-x86_64 3.0.1 NOTE
r-oldrel-windows-ix86+x86_64 3.0.1 34.00 169.00 203.00 OK

Check Details

Version: 3.0.1
Check: dependencies in R code
Result: NOTE
    Namespace in Imports field not imported from: ‘MASS’
     All declared Imports should be used.
Flavors: r-devel-linux-x86_64-fedora-clang, r-devel-linux-x86_64-fedora-gcc, r-devel-windows-x86_64-new-TK, r-release-macos-arm64, r-release-macos-x86_64, r-oldrel-macos-x86_64