CRAN Package Check Results for Package CTT

Last updated on 2021-02-25 06:46:59 CET.

Flavor Version Tinstall Tcheck Ttotal Status Flags
r-devel-linux-x86_64-debian-clang 2.3.3 2.19 26.20 28.39 NOTE
r-devel-linux-x86_64-debian-gcc 2.3.3 2.02 20.79 22.81 NOTE
r-devel-linux-x86_64-fedora-clang 2.3.3 45.26 NOTE
r-devel-linux-x86_64-fedora-gcc 2.3.3 37.57 NOTE
r-devel-windows-ix86+x86_64 2.3.3 6.00 38.00 44.00 OK
r-patched-linux-x86_64 2.3.3 2.45 25.38 27.83 NOTE
r-patched-solaris-x86 2.3.3 52.10 NOTE
r-release-linux-x86_64 2.3.3 2.54 25.44 27.98 NOTE
r-release-macos-x86_64 2.3.3 OK
r-release-windows-ix86+x86_64 2.3.3 5.00 38.00 43.00 OK
r-oldrel-macos-x86_64 2.3.3 OK
r-oldrel-windows-ix86+x86_64 2.3.3 7.00 46.00 53.00 OK

Check Details

Version: 2.3.3
Check: for non-standard things in the check directory
Result: NOTE
    Found the following files/directories:
     'Hello.csv'
Flavors: r-devel-linux-x86_64-debian-clang, r-devel-linux-x86_64-debian-gcc, r-devel-linux-x86_64-fedora-clang, r-devel-linux-x86_64-fedora-gcc, r-patched-linux-x86_64, r-patched-solaris-x86, r-release-linux-x86_64