CRAN Package Check Results for Package CVEK

Last updated on 2022-01-17 06:53:12 CET.

Flavor Version Tinstall Tcheck Ttotal Status Flags
r-devel-linux-x86_64-debian-clang 0.1-2 3.04 454.39 457.43 NOTE
r-devel-linux-x86_64-debian-gcc 0.1-2 2.94 333.12 336.06 NOTE
r-devel-linux-x86_64-fedora-clang 0.1-2 544.16 NOTE
r-devel-linux-x86_64-fedora-gcc 0.1-2 530.52 NOTE
r-devel-windows-x86_64-new-UL 0.1-2 40.00 443.00 483.00 NOTE
r-devel-windows-x86_64-new-TK 0.1-2 NOTE
r-patched-linux-x86_64 0.1-2 4.21 441.40 445.61 NOTE
r-release-linux-x86_64 0.1-2 NOTE
r-release-macos-arm64 0.1-2 NOTE
r-release-macos-x86_64 0.1-2 NOTE
r-release-windows-ix86+x86_64 0.1-2 8.00 503.00 511.00 NOTE
r-oldrel-macos-x86_64 0.1-2 OK
r-oldrel-windows-ix86+x86_64 0.1-2 8.00 499.00 507.00 OK

Check Details

Version: 0.1-2
Check: LazyData
Result: NOTE
     'LazyData' is specified without a 'data' directory
Flavors: r-devel-linux-x86_64-debian-clang, r-devel-linux-x86_64-debian-gcc, r-devel-linux-x86_64-fedora-clang, r-devel-linux-x86_64-fedora-gcc, r-devel-windows-x86_64-new-UL, r-devel-windows-x86_64-new-TK, r-patched-linux-x86_64, r-release-linux-x86_64, r-release-macos-arm64, r-release-macos-x86_64, r-release-windows-ix86+x86_64