CRAN Package Check Results for Package Canek

Last updated on 2022-09-29 06:54:17 CEST.

Flavor Version Tinstall Tcheck Ttotal Status Flags
r-devel-linux-x86_64-debian-clang 0.2.1 19.96 302.66 322.62 OK
r-devel-linux-x86_64-debian-gcc 0.2.1 17.82 226.41 244.23 OK
r-devel-linux-x86_64-fedora-clang 0.2.1 433.26 OK
r-devel-linux-x86_64-fedora-gcc 0.2.1 403.43 OK
r-devel-windows-x86_64 0.2.1 26.00 363.00 389.00 OK
r-patched-linux-x86_64 0.2.1 20.10 297.34 317.44 OK
r-release-linux-x86_64 0.2.1 20.28 291.70 311.98 OK
r-release-macos-arm64 0.2.1 7.00 ERROR
r-release-macos-x86_64 0.2.1 169.00 OK
r-release-windows-x86_64 0.2.1 27.00 342.00 369.00 OK
r-oldrel-macos-arm64 0.2.1 107.00 OK
r-oldrel-macos-x86_64 0.2.1 164.00 OK
r-oldrel-windows-ix86+x86_64 0.2.1 44.00 355.00 399.00 OK

Check Details

Version: 0.2.1
Check: package dependencies
Result: ERROR
    Package required but not available: ‘bluster’
    
    See section ‘The DESCRIPTION file’ in the ‘Writing R Extensions’
    manual.
Flavor: r-release-macos-arm64