CRAN Package Check Results for Package Canopy

Last updated on 2024-02-24 06:50:31 CET.

Flavor Version Tinstall Tcheck Ttotal Status Flags
r-devel-linux-x86_64-debian-clang 1.3.0 11.88 164.68 176.56 NOTE
r-devel-linux-x86_64-debian-gcc 1.3.0 10.74 123.91 134.65 NOTE
r-devel-linux-x86_64-fedora-clang 1.3.0 219.23 NOTE
r-devel-linux-x86_64-fedora-gcc 1.3.0 225.69 NOTE
r-devel-windows-x86_64 1.3.0 12.00 142.00 154.00 OK
r-patched-linux-x86_64 1.3.0 14.54 157.30 171.84 NOTE
r-release-linux-x86_64 1.3.0 12.67 157.81 170.48 NOTE
r-release-macos-arm64 1.3.0 73.00 OK
r-release-macos-x86_64 1.3.0 132.00 OK
r-release-windows-x86_64 1.3.0 17.00 163.00 180.00 OK
r-oldrel-macos-arm64 1.3.0 67.00 OK
r-oldrel-windows-x86_64 1.3.0 18.00 175.00 193.00 OK

Check Details

Version: 1.3.0
Check: for non-standard things in the check directory
Result: NOTE Found the following files/directories: ‘MDA231_tree.pdf’ Flavors: r-devel-linux-x86_64-debian-clang, r-devel-linux-x86_64-debian-gcc, r-devel-linux-x86_64-fedora-clang, r-devel-linux-x86_64-fedora-gcc, r-patched-linux-x86_64, r-release-linux-x86_64