CRAN Package Check Results for Package Carlson

Last updated on 2024-06-13 06:57:56 CEST.

Flavor Version Tinstall Tcheck Ttotal Status Flags
r-devel-linux-x86_64-debian-clang 3.0.0 20.87 32.40 53.27 OK
r-devel-linux-x86_64-debian-gcc 3.0.0 14.54 23.24 37.78 ERROR
r-devel-linux-x86_64-fedora-clang 3.0.0 74.48 OK
r-devel-linux-x86_64-fedora-gcc 3.0.0 72.03 OK
r-devel-windows-x86_64 3.0.0 18.00 63.00 81.00 OK
r-patched-linux-x86_64 3.0.0 18.80 30.83 49.63 OK
r-release-linux-x86_64 3.0.0 18.83 31.82 50.65 OK
r-release-macos-arm64 3.0.0 22.00 OK
r-release-macos-x86_64 3.0.0 32.00 OK
r-release-windows-x86_64 3.0.0 18.00 66.00 84.00 OK
r-oldrel-macos-arm64 3.0.0 24.00 OK
r-oldrel-macos-x86_64 3.0.0 54.00 OK
r-oldrel-windows-x86_64 3.0.0 20.00 73.00 93.00 OK

Check Details

Version: 3.0.0
Check: package dependencies
Result: NOTE Package suggested but not available for checking: ‘testthat’ Flavor: r-devel-linux-x86_64-debian-gcc

Version: 3.0.0
Check: tests
Result: ERROR Running ‘testthat.R’ [0s/1s] Running the tests in ‘tests/testthat.R’ failed. Complete output: > library(testthat) Error in library(testthat) : there is no package called 'testthat' Execution halted Flavor: r-devel-linux-x86_64-debian-gcc