CRAN Package Check Results for Package CausalQueries

Last updated on 2020-10-20 06:46:42 CEST.

Flavor Version Tinstall Tcheck Ttotal Status Flags
r-devel-linux-x86_64-debian-clang 0.0.3 148.33 115.29 263.62 NOTE
r-devel-linux-x86_64-debian-gcc 0.0.3 126.11 89.50 215.61 NOTE
r-devel-linux-x86_64-fedora-clang 0.0.3 347.78 NOTE
r-devel-linux-x86_64-fedora-gcc 0.0.3 347.63 NOTE
r-devel-windows-ix86+x86_64 0.0.3 225.00 188.00 413.00 NOTE
r-patched-linux-x86_64 0.0.3 138.52 110.71 249.23 NOTE
r-patched-solaris-x86 0.0.3 351.50 NOTE
r-release-linux-x86_64 0.0.3 151.52 110.60 262.12 NOTE
r-release-macos-x86_64 0.0.3 NOTE
r-release-windows-ix86+x86_64 0.0.3 271.00 253.00 524.00 NOTE
r-oldrel-macos-x86_64 0.0.3 NOTE
r-oldrel-windows-ix86+x86_64 0.0.3 200.00 167.00 367.00 NOTE

Check Details

Version: 0.0.3
Check: for GNU extensions in Makefiles
Result: NOTE
    GNU make is a SystemRequirements.
Flavors: r-devel-linux-x86_64-debian-clang, r-devel-linux-x86_64-debian-gcc, r-devel-linux-x86_64-fedora-clang, r-devel-linux-x86_64-fedora-gcc, r-devel-windows-ix86+x86_64, r-patched-linux-x86_64, r-patched-solaris-x86, r-release-linux-x86_64, r-release-macos-x86_64, r-release-windows-ix86+x86_64, r-oldrel-macos-x86_64, r-oldrel-windows-ix86+x86_64

Version: 0.0.3
Check: installed package size
Result: NOTE
     installed size is 33.8Mb
     sub-directories of 1Mb or more:
     libs 33.2Mb
Flavors: r-devel-linux-x86_64-fedora-clang, r-release-macos-x86_64, r-oldrel-macos-x86_64