CRAN Package Check Results for Package CautiousLearning

Last updated on 2020-08-06 06:48:25 CEST.

Flavor Version Tinstall Tcheck Ttotal Status Flags
r-devel-linux-x86_64-debian-clang 1.0.1 21.40 29.19 50.59 OK
r-devel-linux-x86_64-debian-gcc 1.0.1 13.15 21.25 34.40 OK
r-devel-linux-x86_64-fedora-clang 1.0.1 74.57 NOTE
r-devel-linux-x86_64-fedora-gcc 1.0.1 59.70 OK
r-devel-windows-ix86+x86_64 1.0.1 62.00 68.00 130.00 OK
r-patched-linux-x86_64 1.0.1 17.99 28.74 46.73 OK
r-patched-solaris-x86 1.0.1 80.70 OK
r-release-linux-x86_64 1.0.1 17.86 28.54 46.40 OK
r-release-macos-x86_64 1.0.1 OK
r-release-windows-ix86+x86_64 1.0.1 59.00 83.00 142.00 OK
r-oldrel-macos-x86_64 1.0.1 OK
r-oldrel-windows-ix86+x86_64 1.0.1 42.00 78.00 120.00 OK

Check Details

Version: 1.0.1
Check: Rd cross-references
Result: NOTE
    Undeclared package ‘sitmo’ in Rd xrefs
Flavor: r-devel-linux-x86_64-fedora-clang