CRAN Package Check Results for Package CensSpatial

Last updated on 2020-08-13 06:47:22 CEST.

Flavor Version Tinstall Tcheck Ttotal Status Flags
r-devel-linux-x86_64-debian-clang 2.58 23.24 158.33 181.57 OK
r-devel-linux-x86_64-debian-gcc 2.58 17.36 121.04 138.40 OK
r-devel-linux-x86_64-fedora-clang 2.58 226.83 OK
r-devel-linux-x86_64-fedora-gcc 2.58 215.78 OK
r-devel-windows-ix86+x86_64 2.58 43.00 185.00 228.00 OK
r-patched-linux-x86_64 2.58 21.46 156.93 178.39 OK
r-patched-solaris-x86 2.58 341.40 OK
r-release-linux-x86_64 2.58 22.68 156.46 179.14 OK
r-release-macos-x86_64 2.58 OK
r-release-windows-ix86+x86_64 2.58 45.00 192.00 237.00 OK
r-oldrel-macos-x86_64 2.58 WARN
r-oldrel-windows-ix86+x86_64 2.58 26.00 129.00 155.00 OK

Additional issues

donttest

Check Details

Version: 2.58
Check: dependencies in R code
Result: NOTE
    No protocol specified
    No protocol specified
Flavor: r-oldrel-macos-x86_64

Version: 2.58
Check: S3 generic/method consistency
Result: WARN
    No protocol specified
    No protocol specified
    See section ‘Generic functions and methods’ in the ‘Writing R
    Extensions’ manual.
Flavor: r-oldrel-macos-x86_64

Version: 2.58
Check: replacement functions
Result: WARN
    No protocol specified
    No protocol specified
    The argument of a replacement function which corresponds to the right
    hand side must be named ‘value’.
Flavor: r-oldrel-macos-x86_64

Version: 2.58
Check: foreign function calls
Result: NOTE
    No protocol specified
    No protocol specified
    See chapter ‘System and foreign language interfaces’ in the ‘Writing R
    Extensions’ manual.
Flavor: r-oldrel-macos-x86_64

Version: 2.58
Check: R code for possible problems
Result: NOTE
    No protocol specified
    No protocol specified
Flavor: r-oldrel-macos-x86_64

Version: 2.58
Check: for missing documentation entries
Result: WARN
    No protocol specified
    No protocol specified
    All user-level objects in a package should have documentation entries.
    See chapter ‘Writing R documentation files’ in the ‘Writing R
    Extensions’ manual.
Flavor: r-oldrel-macos-x86_64

Version: 2.58
Check: for code/documentation mismatches
Result: WARN
    No protocol specified
    No protocol specified
    No protocol specified
    No protocol specified
    No protocol specified
    No protocol specified
Flavor: r-oldrel-macos-x86_64

Version: 2.58
Check: Rd \usage sections
Result: NOTE
    No protocol specified
    No protocol specified
    The \usage entries for S3 methods should use the \method markup and not
    their full name.
    See chapter ‘Writing R documentation files’ in the ‘Writing R
    Extensions’ manual.
Flavor: r-oldrel-macos-x86_64