Last updated on 2022-05-24 06:50:36 CEST.
Flavor | Version | Tinstall | Tcheck | Ttotal | Status | Flags |
---|---|---|---|---|---|---|
r-devel-linux-x86_64-debian-clang | 1.1.1 | 7.82 | 67.07 | 74.89 | OK | |
r-devel-linux-x86_64-debian-gcc | 1.1.1 | 5.00 | 49.92 | 54.92 | OK | |
r-devel-linux-x86_64-fedora-clang | 1.1.1 | 93.11 | NOTE | |||
r-devel-linux-x86_64-fedora-gcc | 1.1.1 | 94.97 | NOTE | |||
r-devel-windows-x86_64 | 1.1.1 | 23.00 | 81.00 | 104.00 | OK | |
r-patched-linux-x86_64 | 1.1.1 | 6.76 | 62.39 | 69.15 | OK | |
r-release-linux-x86_64 | 1.1.1 | OK | ||||
r-release-macos-arm64 | 1.1.1 | 26.00 | NOTE | |||
r-release-macos-x86_64 | 1.1.1 | 46.00 | NOTE | |||
r-release-windows-x86_64 | 1.1.1 | 23.00 | 83.00 | 106.00 | OK | |
r-oldrel-macos-arm64 | 1.1.1 | 121.00 | NOTE | |||
r-oldrel-macos-x86_64 | 1.1.1 | 36.00 | NOTE | |||
r-oldrel-windows-ix86+x86_64 | 1.1.1 | 19.00 | 78.00 | 97.00 | OK |
Version: 1.1.1
Check: data for non-ASCII characters
Result: NOTE
Note: found 8119 marked UTF-8 strings
Flavors: r-devel-linux-x86_64-fedora-clang, r-devel-linux-x86_64-fedora-gcc, r-release-macos-arm64, r-release-macos-x86_64, r-oldrel-macos-arm64, r-oldrel-macos-x86_64