CRAN Package Check Results for Package ChoR

Last updated on 2022-05-24 06:50:36 CEST.

Flavor Version Tinstall Tcheck Ttotal Status Flags
r-devel-linux-x86_64-debian-clang 0.0-4 4.19 52.50 56.69 NOTE
r-devel-linux-x86_64-debian-gcc 0.0-4 3.05 39.06 42.11 NOTE
r-devel-linux-x86_64-fedora-clang 0.0-4 66.13 NOTE
r-devel-linux-x86_64-fedora-gcc 0.0-4 68.40 NOTE
r-devel-windows-x86_64 0.0-4 35.00 64.00 99.00 NOTE
r-patched-linux-x86_64 0.0-4 4.51 50.80 55.31 NOTE
r-release-linux-x86_64 0.0-4 NOTE
r-release-macos-arm64 0.0-4 25.00 NOTE
r-release-macos-x86_64 0.0-4 32.00 NOTE
r-release-windows-x86_64 0.0-4 31.00 67.00 98.00 NOTE
r-oldrel-macos-arm64 0.0-4 30.00 NOTE
r-oldrel-macos-x86_64 0.0-4 42.00 NOTE
r-oldrel-windows-ix86+x86_64 0.0-4 10.00 59.00 69.00 NOTE

Check Details

Version: 0.0-4
Check: LazyData
Result: NOTE
     'LazyData' is specified without a 'data' directory
Flavors: r-devel-linux-x86_64-debian-clang, r-devel-linux-x86_64-debian-gcc, r-devel-linux-x86_64-fedora-clang, r-devel-linux-x86_64-fedora-gcc, r-devel-windows-x86_64, r-patched-linux-x86_64, r-release-linux-x86_64, r-release-macos-arm64, r-release-macos-x86_64, r-release-windows-x86_64, r-oldrel-macos-arm64, r-oldrel-macos-x86_64, r-oldrel-windows-ix86+x86_64

Version: 0.0-4
Check: package dependencies
Result: NOTE
    Packages suggested but not available for checking: 'graph', 'Rgraphviz'
Flavor: r-release-macos-arm64