CRAN Package Check Results for Package CluMP

Last updated on 2020-08-14 06:48:51 CEST.

Flavor Version Tinstall Tcheck Ttotal Status Flags
r-devel-linux-x86_64-debian-clang 0.8 6.00 58.06 64.06 OK
r-devel-linux-x86_64-debian-gcc 0.8 4.52 43.17 47.69 OK
r-devel-linux-x86_64-fedora-clang 0.8 82.22 NOTE
r-devel-linux-x86_64-fedora-gcc 0.8 71.96 NOTE
r-devel-windows-ix86+x86_64 0.8 21.00 92.00 113.00 OK
r-patched-linux-x86_64 0.8 5.12 55.11 60.23 OK
r-patched-solaris-x86 0.8 106.90 NOTE
r-release-linux-x86_64 0.8 4.92 55.30 60.22 OK
r-release-macos-x86_64 0.8 NOTE
r-release-windows-ix86+x86_64 0.8 24.00 97.00 121.00 OK
r-oldrel-macos-x86_64 0.8 NOTE
r-oldrel-windows-ix86+x86_64 0.8 10.00 68.00 78.00 OK

Check Details

Version: 0.8
Check: dependencies in R code
Result: NOTE
    Namespace in Imports field not imported from: ‘rlang’
     All declared Imports should be used.
Flavors: r-devel-linux-x86_64-fedora-clang, r-devel-linux-x86_64-fedora-gcc, r-patched-solaris-x86, r-release-macos-x86_64, r-oldrel-macos-x86_64