CRAN Package Check Results for Package ClustMMDD

Last updated on 2021-06-21 06:49:03 CEST.

Flavor Version Tinstall Tcheck Ttotal Status Flags
r-devel-linux-x86_64-debian-clang 1.0.4 41.43 56.47 97.90 OK
r-devel-linux-x86_64-debian-gcc 1.0.4 29.34 44.59 73.93 OK
r-devel-linux-x86_64-fedora-clang 1.0.4 137.44 NOTE
r-devel-linux-x86_64-fedora-gcc 1.0.4 122.36 NOTE
r-devel-windows-x86_64 1.0.4 49.00 86.00 135.00 OK
r-devel-windows-x86_64-gcc10-UCRT 1.0.4 OK
r-patched-linux-x86_64 1.0.4 34.60 55.02 89.62 OK
r-patched-solaris-x86 1.0.4 142.50 OK
r-release-linux-x86_64 1.0.4 34.91 55.22 90.13 OK
r-release-macos-arm64 1.0.4 NOTE
r-release-macos-x86_64 1.0.4 NOTE
r-release-windows-ix86+x86_64 1.0.4 91.00 89.00 180.00 OK
r-oldrel-macos-x86_64 1.0.4 NOTE

Check Details

Version: 1.0.4
Check: compiled code
Result: NOTE
    File ‘ClustMMDD/libs/ClustMMDD.so’:
     Found no calls to: ‘R_registerRoutines’, ‘R_useDynamicSymbols’
    
    It is good practice to register native routines and to disable symbol
    search.
    
    See ‘Writing portable packages’ in the ‘Writing R Extensions’ manual.
Flavors: r-devel-linux-x86_64-fedora-clang, r-devel-linux-x86_64-fedora-gcc

Version: 1.0.4
Check: installed package size
Result: NOTE
     installed size is 7.1Mb
     sub-directories of 1Mb or more:
     libs 6.5Mb
Flavors: r-release-macos-arm64, r-release-macos-x86_64, r-oldrel-macos-x86_64