CRAN Package Check Results for Package ClusterStability

Last updated on 2021-06-21 06:49:03 CEST.

Flavor Version Tinstall Tcheck Ttotal Status Flags
r-devel-linux-x86_64-debian-clang 1.0.3 30.16 108.79 138.95 OK
r-devel-linux-x86_64-debian-gcc 1.0.3 22.67 80.23 102.90 OK
r-devel-linux-x86_64-fedora-clang 1.0.3 187.44 NOTE
r-devel-linux-x86_64-fedora-gcc 1.0.3 164.30 NOTE
r-devel-windows-x86_64 1.0.3 42.00 133.00 175.00 OK
r-devel-windows-x86_64-gcc10-UCRT 1.0.3 OK
r-patched-linux-x86_64 1.0.3 25.16 100.28 125.44 OK
r-patched-solaris-x86 1.0.3 232.10 OK
r-release-linux-x86_64 1.0.3 26.08 100.25 126.33 OK
r-release-macos-arm64 1.0.3 OK
r-release-macos-x86_64 1.0.3 OK
r-release-windows-ix86+x86_64 1.0.3 75.00 181.00 256.00 OK
r-oldrel-macos-x86_64 1.0.3 OK

Check Details

Version: 1.0.3
Check: compiled code
Result: NOTE
    File ‘ClusterStability/libs/ClusterStability.so’:
     Found no calls to: ‘R_registerRoutines’, ‘R_useDynamicSymbols’
    
    It is good practice to register native routines and to disable symbol
    search.
    
    See ‘Writing portable packages’ in the ‘Writing R Extensions’ manual.
Flavors: r-devel-linux-x86_64-fedora-clang, r-devel-linux-x86_64-fedora-gcc