CRAN Package Check Results for Package CoOL

Last updated on 2025-04-18 06:51:06 CEST.

Flavor Version Tinstall Tcheck Ttotal Status Flags
r-devel-linux-x86_64-debian-clang 1.1.2 25.04 47.23 72.27 NOTE
r-devel-linux-x86_64-debian-gcc 1.1.2 17.26 35.15 52.41 NOTE
r-devel-linux-x86_64-fedora-clang 1.1.2 137.38 NOTE
r-devel-linux-x86_64-fedora-gcc 1.1.2 123.73 NOTE
r-devel-windows-x86_64 1.1.2 32.00 96.00 128.00 NOTE
r-patched-linux-x86_64 1.1.2 25.64 44.33 69.97 NOTE
r-release-linux-x86_64 1.1.2 24.35 44.13 68.48 NOTE
r-release-macos-arm64 1.1.2 38.00 NOTE
r-release-macos-x86_64 1.1.2 80.00 NOTE
r-release-windows-x86_64 1.1.2 32.00 95.00 127.00 NOTE
r-oldrel-macos-arm64 1.1.2 36.00 NOTE
r-oldrel-macos-x86_64 1.1.2 53.00 NOTE
r-oldrel-windows-x86_64 1.1.2 37.00 105.00 142.00 NOTE

Check Details

Version: 1.1.2
Check: C++ specification
Result: NOTE Specified C++11: please drop specification unless essential Flavors: r-devel-linux-x86_64-debian-clang, r-devel-linux-x86_64-debian-gcc, r-devel-linux-x86_64-fedora-clang, r-devel-linux-x86_64-fedora-gcc, r-devel-windows-x86_64, r-patched-linux-x86_64, r-release-linux-x86_64, r-release-macos-arm64, r-release-macos-x86_64, r-release-windows-x86_64, r-oldrel-macos-arm64, r-oldrel-macos-x86_64, r-oldrel-windows-x86_64