CRAN Package Check Results for Package CoOL

Last updated on 2024-05-24 07:00:18 CEST.

Flavor Version Tinstall Tcheck Ttotal Status Flags
r-devel-linux-x86_64-debian-clang 1.1.2 43.58 58.44 102.02 NOTE
r-devel-linux-x86_64-debian-gcc 1.1.2 26.62 44.75 71.37 NOTE
r-devel-linux-x86_64-fedora-clang 1.1.2 141.74 NOTE
r-devel-linux-x86_64-fedora-gcc 1.1.2 127.33 NOTE
r-devel-windows-x86_64 1.1.2 33.00 92.00 125.00 NOTE
r-patched-linux-x86_64 1.1.2 37.27 56.90 94.17 NOTE
r-release-linux-x86_64 1.1.2 39.92 57.05 96.97 NOTE
r-release-macos-arm64 1.1.2 36.00 NOTE
r-release-windows-x86_64 1.1.2 34.00 91.00 125.00 NOTE
r-oldrel-macos-arm64 1.1.2 39.00 NOTE
r-oldrel-macos-x86_64 1.1.2 62.00 NOTE
r-oldrel-windows-x86_64 1.1.2 40.00 102.00 142.00 NOTE

Check Details

Version: 1.1.2
Check: C++ specification
Result: NOTE Specified C++11: please drop specification unless essential Flavors: r-devel-linux-x86_64-debian-clang, r-devel-linux-x86_64-debian-gcc, r-devel-linux-x86_64-fedora-clang, r-devel-linux-x86_64-fedora-gcc, r-devel-windows-x86_64, r-patched-linux-x86_64, r-release-linux-x86_64, r-release-macos-arm64, r-release-windows-x86_64, r-oldrel-macos-arm64, r-oldrel-macos-x86_64, r-oldrel-windows-x86_64