Last updated on 2023-03-30 06:53:11 CEST.
Flavor | Version | Tinstall | Tcheck | Ttotal | Status | Flags |
---|---|---|---|---|---|---|
r-devel-linux-x86_64-debian-clang | 1.0.4 | 11.12 | 115.71 | 126.83 | NOTE | |
r-devel-linux-x86_64-debian-gcc | 1.0.4 | 7.80 | 86.78 | 94.58 | NOTE | |
r-devel-linux-x86_64-fedora-clang | 1.0.4 | 154.42 | NOTE | |||
r-devel-linux-x86_64-fedora-gcc | 1.0.4 | 159.07 | NOTE | |||
r-devel-windows-x86_64 | 1.0.4 | 29.00 | 151.00 | 180.00 | NOTE | |
r-patched-linux-x86_64 | 1.0.4 | 9.82 | 109.92 | 119.74 | NOTE | |
r-release-linux-x86_64 | 1.0.4 | 11.51 | 109.32 | 120.83 | NOTE | |
r-release-macos-arm64 | 1.0.4 | 41.00 | NOTE | |||
r-release-macos-x86_64 | 1.0.4 | 60.00 | NOTE | |||
r-release-windows-x86_64 | 1.0.4 | 23.00 | 145.00 | 168.00 | NOTE | |
r-oldrel-macos-arm64 | 1.0.4 | 58.00 | NOTE | |||
r-oldrel-macos-x86_64 | 1.0.4 | 86.00 | NOTE | |||
r-oldrel-windows-ix86+x86_64 | 1.0.4 | 20.00 | 143.00 | 163.00 | NOTE |
Version: 1.0.4
Check: LazyData
Result: NOTE
'LazyData' is specified without a 'data' directory
Flavors: r-devel-linux-x86_64-debian-clang, r-devel-linux-x86_64-debian-gcc, r-devel-linux-x86_64-fedora-clang, r-devel-linux-x86_64-fedora-gcc, r-devel-windows-x86_64, r-patched-linux-x86_64, r-release-linux-x86_64, r-release-macos-arm64, r-release-macos-x86_64, r-release-windows-x86_64, r-oldrel-macos-arm64, r-oldrel-macos-x86_64, r-oldrel-windows-ix86+x86_64