Last updated on 2021-01-16 06:51:03 CET.
Flavor | Version | Tinstall | Tcheck | Ttotal | Status | Flags |
---|---|---|---|---|---|---|
r-devel-linux-x86_64-debian-clang | 0.6.5 | 10.09 | 83.04 | 93.13 | NOTE | |
r-devel-linux-x86_64-debian-gcc | 0.6.5 | 8.33 | 64.17 | 72.50 | NOTE | |
r-devel-linux-x86_64-fedora-clang | 0.6.5 | 122.40 | NOTE | |||
r-devel-linux-x86_64-fedora-gcc | 0.6.5 | 120.98 | NOTE | |||
r-devel-windows-ix86+x86_64 | 0.6.5 | 20.00 | 83.00 | 103.00 | OK | |
r-patched-linux-x86_64 | 0.6.5 | 8.92 | 79.04 | 87.96 | NOTE | |
r-patched-solaris-x86 | 0.6.5 | 165.60 | NOTE | |||
r-release-linux-x86_64 | 0.6.5 | 9.30 | 79.61 | 88.91 | NOTE | |
r-release-macos-x86_64 | 0.6.5 | OK | ||||
r-release-windows-ix86+x86_64 | 0.6.5 | 24.00 | 89.00 | 113.00 | OK | |
r-oldrel-macos-x86_64 | 0.6.5 | OK | ||||
r-oldrel-windows-ix86+x86_64 | 0.6.5 | 22.00 | 107.00 | 129.00 | OK |
Version: 0.6.5
Check: for non-standard things in the check directory
Result: NOTE
Found the following files/directories:
'foo.R' 'foo.html'
Flavors: r-devel-linux-x86_64-debian-clang, r-devel-linux-x86_64-debian-gcc, r-devel-linux-x86_64-fedora-clang, r-devel-linux-x86_64-fedora-gcc, r-patched-linux-x86_64, r-patched-solaris-x86, r-release-linux-x86_64