CRAN Package Check Results for Package CompareCausalNetworks

Last updated on 2021-01-16 06:51:03 CET.

Flavor Version Tinstall Tcheck Ttotal Status Flags
r-devel-linux-x86_64-debian-clang 0.2.6.2 12.09 112.63 124.72 NOTE
r-devel-linux-x86_64-debian-gcc 0.2.6.2 7.63 87.01 94.64 NOTE
r-devel-linux-x86_64-fedora-clang 0.2.6.2 153.96 NOTE
r-devel-linux-x86_64-fedora-gcc 0.2.6.2 144.89 NOTE
r-devel-windows-ix86+x86_64 0.2.6.2 15.00 96.00 111.00 OK
r-patched-linux-x86_64 0.2.6.2 10.02 103.77 113.79 NOTE
r-patched-solaris-x86 0.2.6.2 207.00 NOTE
r-release-linux-x86_64 0.2.6.2 10.13 104.32 114.45 NOTE
r-release-macos-x86_64 0.2.6.2 NOTE
r-release-windows-ix86+x86_64 0.2.6.2 21.00 108.00 129.00 OK
r-oldrel-macos-x86_64 0.2.6.2 OK
r-oldrel-windows-ix86+x86_64 0.2.6.2 19.00 122.00 141.00 OK

Check Details

Version: 0.2.6.2
Check: package dependencies
Result: NOTE
    Package suggested but not available for checking: 'CAM'
Flavors: r-devel-linux-x86_64-debian-clang, r-devel-linux-x86_64-debian-gcc, r-devel-linux-x86_64-fedora-clang, r-devel-linux-x86_64-fedora-gcc, r-patched-linux-x86_64, r-patched-solaris-x86, r-release-linux-x86_64

Version: 0.2.6.2
Check: package dependencies
Result: NOTE
    Packages suggested but not available for checking: 'CAM', 'flare'
Flavor: r-release-macos-x86_64