Last updated on 2023-03-25 05:50:28 CET.
Flavor | Version | Tinstall | Tcheck | Ttotal | Status | Flags |
---|---|---|---|---|---|---|
r-devel-linux-x86_64-debian-clang | 0.7.27 | 15.32 | 140.12 | 155.44 | OK | |
r-devel-linux-x86_64-debian-gcc | 0.7.27 | 12.17 | 102.44 | 114.61 | OK | |
r-devel-linux-x86_64-fedora-clang | 0.7.27 | 198.31 | OK | |||
r-devel-linux-x86_64-fedora-gcc | 0.7.27 | 183.11 | OK | |||
r-devel-windows-x86_64 | 0.7.27 | 39.00 | 178.00 | 217.00 | OK | |
r-patched-linux-x86_64 | 0.7.27 | 15.87 | 128.10 | 143.97 | OK | |
r-release-linux-x86_64 | 0.7.27 | 10.93 | 132.09 | 143.02 | OK | |
r-release-macos-arm64 | 0.7.27 | 52.00 | OK | |||
r-release-macos-x86_64 | 0.7.27 | 74.00 | OK | |||
r-release-windows-x86_64 | 0.7.27 | 24.00 | 177.00 | 201.00 | OK | |
r-oldrel-macos-arm64 | 0.7.27 | 50.00 | OK | |||
r-oldrel-macos-x86_64 | 0.7.27 | 71.00 | OK | |||
r-oldrel-windows-ix86+x86_64 | 0.7.27 | 2.00 | 38.00 | 40.00 | ERROR |
Version: 0.7.27
Check: whether package can be installed
Result: ERROR
Installation failed.
Flavor: r-oldrel-windows-ix86+x86_64