CRAN Package Check Results for Package CorrectedFDR

Last updated on 2022-08-15 06:49:05 CEST.

Flavor Version Tinstall Tcheck Ttotal Status Flags
r-devel-linux-x86_64-debian-clang 1.1 1.79 21.32 23.11 OK
r-devel-linux-x86_64-debian-gcc 1.1 1.44 16.60 18.04 OK
r-devel-linux-x86_64-fedora-clang 1.1 38.83 OK
r-devel-linux-x86_64-fedora-gcc 1.1 37.98 OK
r-devel-windows-x86_64 1.1 12.00 45.00 57.00 OK
r-patched-linux-x86_64 1.1 1.62 20.67 22.29 OK
r-release-linux-x86_64 1.1 1.93 20.38 22.31 OK
r-release-macos-arm64 1.1 14.00 NOTE
r-release-macos-x86_64 1.1 18.00 NOTE
r-release-windows-x86_64 1.1 16.00 44.00 60.00 OK
r-oldrel-macos-arm64 1.1 17.00 NOTE
r-oldrel-macos-x86_64 1.1 19.00 NOTE
r-oldrel-windows-ix86+x86_64 1.1 5.00 35.00 40.00 NOTE

Check Details

Version: 1.1
Check: package dependencies
Result: NOTE
    Package suggested but not available for checking: ‘ProData’
Flavors: r-release-macos-arm64, r-release-macos-x86_64, r-oldrel-macos-arm64, r-oldrel-macos-x86_64, r-oldrel-windows-ix86+x86_64