CRAN Package Check Results for Package Cyclops

Last updated on 2020-08-14 06:48:52 CEST.

Flavor Version Tinstall Tcheck Ttotal Status Flags
r-devel-linux-x86_64-debian-clang 3.0.0 206.77 107.68 314.45 OK
r-devel-linux-x86_64-debian-gcc 3.0.0 166.42 82.87 249.29 OK
r-devel-linux-x86_64-fedora-clang 3.0.0 451.46 NOTE
r-devel-linux-x86_64-fedora-gcc 3.0.0 411.64 NOTE
r-devel-windows-ix86+x86_64 3.0.0 517.00 245.00 762.00 NOTE
r-patched-linux-x86_64 3.0.0 170.11 104.82 274.93 OK
r-patched-solaris-x86 3.0.0 387.40 NOTE
r-release-linux-x86_64 3.0.0 172.33 105.78 278.11 OK
r-release-macos-x86_64 3.0.0 NOTE
r-release-windows-ix86+x86_64 3.0.0 495.00 237.00 732.00 NOTE
r-oldrel-macos-x86_64 3.0.0 NOTE
r-oldrel-windows-ix86+x86_64 3.0.0 358.00 182.00 540.00 OK

Check Details

Version: 3.0.0
Check: installed package size
Result: NOTE
     installed size is 26.4Mb
     sub-directories of 1Mb or more:
     libs 25.6Mb
Flavors: r-devel-linux-x86_64-fedora-clang, r-devel-windows-ix86+x86_64, r-patched-solaris-x86, r-release-macos-x86_64, r-release-windows-ix86+x86_64, r-oldrel-macos-x86_64

Version: 3.0.0
Check: dependencies in R code
Result: NOTE
    Namespace in Imports field not imported from: ‘dbplyr’
     All declared Imports should be used.
Flavors: r-devel-linux-x86_64-fedora-clang, r-devel-linux-x86_64-fedora-gcc, r-patched-solaris-x86, r-release-macos-x86_64, r-oldrel-macos-x86_64