CRAN Package Check Results for Package DAISIE

Last updated on 2020-08-13 06:47:24 CEST.

Flavor Version Tinstall Tcheck Ttotal Status Flags
r-devel-linux-x86_64-debian-clang 1.4 6.15 68.80 74.95 OK
r-devel-linux-x86_64-debian-gcc 1.4 5.34 51.94 57.28 OK
r-devel-linux-x86_64-fedora-clang 1.4 95.80 NOTE
r-devel-linux-x86_64-fedora-gcc 1.4 87.94 NOTE
r-devel-windows-ix86+x86_64 1.4 17.00 100.00 117.00 OK
r-patched-linux-x86_64 1.4 6.49 67.24 73.73 OK
r-patched-solaris-x86 1.4 161.80 NOTE
r-release-linux-x86_64 1.4 6.75 68.19 74.94 OK
r-release-macos-x86_64 1.4 NOTE
r-release-windows-ix86+x86_64 1.4 21.00 99.00 120.00 OK
r-oldrel-macos-x86_64 1.4 NOTE
r-oldrel-windows-ix86+x86_64 1.4 10.00 80.00 90.00 OK

Check Details

Version: 1.4
Check: dependencies in R code
Result: NOTE
    Namespace in Imports field not imported from: ‘Matrix’
     All declared Imports should be used.
Flavors: r-devel-linux-x86_64-fedora-clang, r-devel-linux-x86_64-fedora-gcc, r-patched-solaris-x86, r-release-macos-x86_64, r-oldrel-macos-x86_64