CRAN Package Check Results for Package DAISIE

Last updated on 2024-02-27 06:50:28 CET.

Flavor Version Tinstall Tcheck Ttotal Status Flags
r-devel-linux-x86_64-debian-clang 4.4.1 153.49 612.22 765.71 OK
r-devel-linux-x86_64-debian-gcc 4.4.1 106.58 455.25 561.83 NOTE
r-devel-linux-x86_64-fedora-clang 4.4.1 1006.00 OK
r-devel-linux-x86_64-fedora-gcc 4.4.1 929.60 NOTE
r-devel-windows-x86_64 4.4.1 95.00 468.00 563.00 NOTE
r-patched-linux-x86_64 4.4.1 129.30 618.42 747.72 OK
r-release-linux-x86_64 4.4.1 125.83 667.53 793.36 NOTE
r-release-macos-arm64 4.4.1 270.00 NOTE
r-release-macos-x86_64 4.4.1 579.00 NOTE
r-release-windows-x86_64 4.4.1 121.00 673.00 794.00 NOTE
r-oldrel-macos-arm64 4.4.1 253.00 NOTE
r-oldrel-windows-x86_64 4.4.1 118.00 557.00 675.00 NOTE

Check Details

Version: 4.4.1
Check: package dependencies
Result: NOTE Package suggested but not available for checking: ‘ggtree’ Flavors: r-devel-linux-x86_64-debian-gcc, r-devel-linux-x86_64-fedora-gcc, r-release-linux-x86_64

Version: 4.4.1
Check: package dependencies
Result: NOTE Package which this enhances but not available for checking: 'doMC' Flavors: r-devel-windows-x86_64, r-release-windows-x86_64, r-oldrel-windows-x86_64

Version: 4.4.1
Check: installed package size
Result: NOTE installed size is 29.3Mb sub-directories of 1Mb or more: libs 27.3Mb Flavors: r-release-macos-arm64, r-release-macos-x86_64, r-oldrel-macos-arm64