CRAN Package Check Results for Package DCCA

Last updated on 2023-02-02 06:54:47 CET.

Flavor Version Tinstall Tcheck Ttotal Status Flags
r-devel-linux-x86_64-debian-clang 0.1.1 5.33 25.83 31.16 NOTE
r-devel-linux-x86_64-debian-gcc 0.1.1 4.77 20.42 25.19 NOTE
r-devel-linux-x86_64-fedora-clang 0.1.1 43.38 NOTE
r-devel-linux-x86_64-fedora-gcc 0.1.1 40.86 NOTE
r-patched-linux-x86_64 0.1.1 5.56 25.15 30.71 NOTE
r-release-linux-x86_64 0.1.1 4.87 25.34 30.21 NOTE
r-release-macos-arm64 0.1.1 20.00 NOTE
r-release-macos-x86_64 0.1.1 23.00 NOTE
r-release-windows-x86_64 0.1.1 21.00 62.00 83.00 NOTE
r-oldrel-macos-arm64 0.1.1 25.00 NOTE
r-oldrel-macos-x86_64 0.1.1 29.00 NOTE
r-oldrel-windows-ix86+x86_64 0.1.1 15.00 61.00 76.00 NOTE

Check Details

Version: 0.1.1
Check: LazyData
Result: NOTE
     'LazyData' is specified without a 'data' directory
Flavors: r-devel-linux-x86_64-debian-clang, r-devel-linux-x86_64-debian-gcc, r-devel-linux-x86_64-fedora-clang, r-devel-linux-x86_64-fedora-gcc, r-patched-linux-x86_64, r-release-linux-x86_64, r-release-macos-arm64, r-release-macos-x86_64, r-release-windows-x86_64, r-oldrel-macos-arm64, r-oldrel-macos-x86_64, r-oldrel-windows-ix86+x86_64