CRAN Package Check Results for Package DCEmgmt

Last updated on 2022-06-26 06:50:34 CEST.

Flavor Version Tinstall Tcheck Ttotal Status Flags
r-devel-linux-x86_64-debian-clang 0.0.1 5.17 28.84 34.01 OK
r-devel-linux-x86_64-debian-gcc 0.0.1 4.16 22.16 26.32 OK
r-devel-linux-x86_64-fedora-clang 0.0.1 52.52 NOTE
r-devel-linux-x86_64-fedora-gcc 0.0.1 53.87 NOTE
r-devel-windows-x86_64 0.0.1 10.00 56.00 66.00 OK
r-patched-linux-x86_64 0.0.1 4.75 27.91 32.66 OK
r-release-linux-x86_64 0.0.1 5.04 27.82 32.86 OK
r-release-macos-arm64 0.0.1 21.00 NOTE
r-release-macos-x86_64 0.0.1 33.00 NOTE
r-release-windows-x86_64 0.0.1 13.00 56.00 69.00 OK
r-oldrel-macos-arm64 0.0.1 21.00 NOTE
r-oldrel-macos-x86_64 0.0.1 26.00 NOTE
r-oldrel-windows-ix86+x86_64 0.0.1 10.00 49.00 59.00 OK

Check Details

Version: 0.0.1
Check: data for non-ASCII characters
Result: NOTE
     Note: found 122 marked UTF-8 strings
Flavors: r-devel-linux-x86_64-fedora-clang, r-devel-linux-x86_64-fedora-gcc, r-release-macos-arm64, r-release-macos-x86_64, r-oldrel-macos-arm64, r-oldrel-macos-x86_64