Last updated on 2022-07-06 06:52:48 CEST.
Flavor | Version | Tinstall | Tcheck | Ttotal | Status | Flags |
---|---|---|---|---|---|---|
r-devel-linux-x86_64-debian-clang | 1.0.0 | 17.05 | 122.60 | 139.65 | OK | |
r-devel-linux-x86_64-debian-gcc | 1.0.0 | 14.06 | 90.38 | 104.44 | OK | |
r-devel-linux-x86_64-fedora-clang | 1.0.0 | 176.89 | NOTE | |||
r-devel-linux-x86_64-fedora-gcc | 1.0.0 | 169.28 | NOTE | |||
r-devel-windows-x86_64 | 1.0.0 | 19.00 | 141.00 | 160.00 | OK | |
r-patched-linux-x86_64 | 1.0.0 | 11.18 | 114.18 | 125.36 | OK | |
r-release-linux-x86_64 | 1.0.0 | 10.91 | 113.07 | 123.98 | OK | |
r-release-macos-arm64 | 1.0.0 | 54.00 | NOTE | |||
r-release-macos-x86_64 | 1.0.0 | 67.00 | NOTE | |||
r-release-windows-x86_64 | 1.0.0 | 22.00 | 151.00 | 173.00 | OK | |
r-oldrel-macos-arm64 | 1.0.0 | 44.00 | NOTE | |||
r-oldrel-macos-x86_64 | 1.0.0 | 69.00 | NOTE | |||
r-oldrel-windows-ix86+x86_64 | 1.0.0 | 35.00 | 135.00 | 170.00 | OK |
Version: 1.0.0
Check: package dependencies
Result: NOTE
Imports includes 24 non-default packages.
Importing from so many packages makes the package vulnerable to any of
them becoming unavailable. Move as many as possible to Suggests and
use conditionally.
Flavor: r-devel-linux-x86_64-fedora-clang
Version: 1.0.0
Check: dependencies in R code
Result: NOTE
Namespaces in Imports field not imported from:
‘bslib’ ‘knitr’ ‘matrixStats’ ‘rmarkdown’ ‘shinythemes’ ‘tidyverse’
All declared Imports should be used.
Flavors: r-devel-linux-x86_64-fedora-clang, r-devel-linux-x86_64-fedora-gcc, r-release-macos-arm64, r-release-macos-x86_64, r-oldrel-macos-arm64, r-oldrel-macos-x86_64