Last updated on 2022-05-22 06:51:57 CEST.
Flavor | Version | Tinstall | Tcheck | Ttotal | Status | Flags |
---|---|---|---|---|---|---|
r-devel-linux-x86_64-debian-clang | 1.0-1 | 26.31 | 437.04 | 463.35 | NOTE | |
r-devel-linux-x86_64-debian-gcc | 1.0-1 | 26.00 | 315.70 | 341.70 | NOTE | |
r-devel-linux-x86_64-fedora-clang | 1.0-1 | 542.19 | NOTE | |||
r-devel-linux-x86_64-fedora-gcc | 1.0-1 | 535.34 | NOTE | |||
r-devel-windows-x86_64 | 1.0-1 | 47.00 | 320.00 | 367.00 | NOTE | --no-vignettes |
r-patched-linux-x86_64 | 1.0-1 | 29.85 | 406.15 | 436.00 | NOTE | |
r-release-linux-x86_64 | 1.0-1 | 31.28 | 409.28 | 440.56 | NOTE | |
r-release-macos-arm64 | 1.0-1 | 396.00 | NOTE | |||
r-release-macos-x86_64 | 1.0-1 | 813.00 | NOTE | |||
r-release-windows-x86_64 | 1.0-1 | 46.00 | 233.00 | 279.00 | NOTE | --no-vignettes |
r-oldrel-macos-arm64 | 1.0-1 | 734.00 | NOTE | |||
r-oldrel-macos-x86_64 | 1.0-1 | 1215.00 | NOTE | |||
r-oldrel-windows-ix86+x86_64 | 1.0-1 | 73.00 | 279.00 | 352.00 | OK | --no-vignettes |
Version: 1.0-1
Check: package dependencies
Result: NOTE
Package suggested but not available for checking: 'INLA'
Flavors: r-devel-linux-x86_64-debian-clang, r-devel-linux-x86_64-debian-gcc, r-patched-linux-x86_64, r-release-linux-x86_64, r-release-macos-arm64, r-release-macos-x86_64, r-oldrel-macos-arm64, r-oldrel-macos-x86_64
Version: 1.0-1
Check: data for non-ASCII characters
Result: NOTE
Note: found 2 marked Latin-1 strings
Flavors: r-devel-linux-x86_64-fedora-clang, r-devel-linux-x86_64-fedora-gcc, r-release-macos-arm64, r-release-macos-x86_64, r-oldrel-macos-arm64, r-oldrel-macos-x86_64
Version: 1.0-1
Flags: --no-vignettes
Check: package dependencies
Result: NOTE
Package suggested but not available for checking: 'INLA'
Flavors: r-devel-windows-x86_64, r-release-windows-x86_64