CRAN Package Check Results for Package DEoptimR

Last updated on 2020-11-24 06:46:43 CET.

Flavor Version Tinstall Tcheck Ttotal Status Flags
r-devel-linux-x86_64-debian-clang 1.0-8 2.21 33.28 35.49 OK
r-devel-linux-x86_64-debian-gcc 1.0-8 1.48 25.57 27.05 OK
r-devel-linux-x86_64-fedora-clang 1.0-8 51.36 NOTE
r-devel-linux-x86_64-fedora-gcc 1.0-8 41.33 OK
r-devel-windows-ix86+x86_64 1.0-8 4.00 48.00 52.00 OK
r-patched-linux-x86_64 1.0-8 2.30 33.19 35.49 OK
r-patched-solaris-x86 1.0-8 60.90 OK
r-release-linux-x86_64 1.0-8 2.16 33.55 35.71 OK
r-release-macos-x86_64 1.0-8 OK
r-release-windows-ix86+x86_64 1.0-8 4.00 50.00 54.00 OK
r-oldrel-macos-x86_64 1.0-8 OK
r-oldrel-windows-ix86+x86_64 1.0-8 5.00 61.00 66.00 OK

Check Details

Version: 1.0-8
Check: Rd cross-references
Result: NOTE
    Undeclared package ‘DEoptim’ in Rd xrefs
Flavor: r-devel-linux-x86_64-fedora-clang