CRAN Package Check Results for Package DEoptimR

Last updated on 2020-09-21 06:49:08 CEST.

Flavor Version Tinstall Tcheck Ttotal Status Flags
r-devel-linux-x86_64-debian-clang 1.0-8 2.12 31.73 33.85 OK
r-devel-linux-x86_64-debian-gcc 1.0-8 1.67 24.33 26.00 OK
r-devel-linux-x86_64-fedora-clang 1.0-8 50.31 NOTE
r-devel-linux-x86_64-fedora-gcc 1.0-8 43.74 OK
r-devel-windows-ix86+x86_64 1.0-8 4.00 51.00 55.00 OK
r-patched-linux-x86_64 1.0-8 1.92 32.32 34.24 OK
r-patched-solaris-x86 1.0-8 61.30 OK
r-release-linux-x86_64 1.0-8 1.91 32.12 34.03 OK
r-release-macos-x86_64 1.0-8 OK
r-release-windows-ix86+x86_64 1.0-8 5.00 44.00 49.00 OK
r-oldrel-macos-x86_64 1.0-8 OK
r-oldrel-windows-ix86+x86_64 1.0-8 5.00 61.00 66.00 OK

Check Details

Version: 1.0-8
Check: Rd cross-references
Result: NOTE
    Undeclared package ‘DEoptim’ in Rd xrefs
Flavor: r-devel-linux-x86_64-fedora-clang