Last updated on 2021-01-20 06:46:43 CET.
Flavor | Version | Tinstall | Tcheck | Ttotal | Status | Flags |
---|---|---|---|---|---|---|
r-devel-linux-x86_64-debian-clang | 0.3.3.0 | 9.02 | 328.29 | 337.31 | OK | |
r-devel-linux-x86_64-debian-gcc | 0.3.3.0 | 8.75 | 233.02 | 241.77 | OK | |
r-devel-linux-x86_64-fedora-clang | 0.3.3.0 | 396.27 | NOTE | |||
r-devel-linux-x86_64-fedora-gcc | 0.3.3.0 | 417.08 | NOTE | |||
r-devel-windows-ix86+x86_64 | 0.3.3.0 | 18.00 | 284.00 | 302.00 | NOTE | |
r-patched-linux-x86_64 | 0.3.3.0 | 10.89 | 308.80 | 319.69 | OK | |
r-patched-solaris-x86 | 0.3.3.0 | 536.90 | NOTE | |||
r-release-linux-x86_64 | 0.3.3.0 | 9.86 | 306.86 | 316.72 | OK | |
r-release-macos-x86_64 | 0.3.3.0 | NOTE | ||||
r-release-windows-ix86+x86_64 | 0.3.3.0 | 19.00 | 317.00 | 336.00 | NOTE | |
r-oldrel-macos-x86_64 | 0.3.3.0 | NOTE | ||||
r-oldrel-windows-ix86+x86_64 | 0.3.3.0 | 14.00 | 275.00 | 289.00 | NOTE |
Version: 0.3.3.0
Check: installed package size
Result: NOTE
installed size is 5.3Mb
sub-directories of 1Mb or more:
doc 4.9Mb
Flavors: r-devel-linux-x86_64-fedora-clang, r-devel-windows-ix86+x86_64, r-patched-solaris-x86, r-release-macos-x86_64, r-release-windows-ix86+x86_64, r-oldrel-macos-x86_64, r-oldrel-windows-ix86+x86_64
Version: 0.3.3.0
Check: dependencies in R code
Result: NOTE
Namespace in Imports field not imported from: ‘mgcv’
All declared Imports should be used.
Flavors: r-devel-linux-x86_64-fedora-clang, r-devel-linux-x86_64-fedora-gcc, r-patched-solaris-x86, r-release-macos-x86_64, r-oldrel-macos-x86_64