CRAN Package Check Results for Package DNLC

Last updated on 2024-06-13 06:57:59 CEST.

Flavor Version Tinstall Tcheck Ttotal Status Flags
r-devel-linux-x86_64-debian-clang 1.0.0 12.28 25.12 37.40 NOTE
r-devel-linux-x86_64-debian-gcc 1.0.0 0.29 1.75 2.04 ERROR
r-devel-linux-x86_64-fedora-clang 1.0.0 51.39 NOTE
r-devel-linux-x86_64-fedora-gcc 1.0.0 47.99 NOTE
r-devel-windows-x86_64 1.0.0 13.00 46.00 59.00 NOTE
r-patched-linux-x86_64 1.0.0 9.03 24.43 33.46 NOTE
r-release-linux-x86_64 1.0.0 11.84 23.58 35.42 NOTE
r-release-macos-arm64 1.0.0 20.00 NOTE
r-release-macos-x86_64 1.0.0 32.00 NOTE
r-release-windows-x86_64 1.0.0 7.00 48.00 55.00 NOTE
r-oldrel-macos-arm64 1.0.0 6.00 ERROR
r-oldrel-macos-x86_64 1.0.0 35.00 NOTE
r-oldrel-windows-x86_64 1.0.0 16.00 48.00 64.00 NOTE

Check Details

Version: 1.0.0
Check: LazyData
Result: NOTE 'LazyData' is specified without a 'data' directory Flavors: r-devel-linux-x86_64-debian-clang, r-devel-linux-x86_64-fedora-clang, r-devel-linux-x86_64-fedora-gcc, r-devel-windows-x86_64, r-patched-linux-x86_64, r-release-linux-x86_64, r-release-macos-arm64, r-release-macos-x86_64, r-release-windows-x86_64, r-oldrel-macos-x86_64, r-oldrel-windows-x86_64

Version: 1.0.0
Check: package dependencies
Result: ERROR Packages required but not available: 'igraph', 'GOstats' See section ‘The DESCRIPTION file’ in the ‘Writing R Extensions’ manual. Flavor: r-devel-linux-x86_64-debian-gcc

Version: 1.0.0
Check: dependencies in R code
Result: NOTE Namespaces in Imports field not imported from: ‘GOstats’ ‘caTools’ ‘fdrtool’ All declared Imports should be used. Flavors: r-devel-linux-x86_64-fedora-clang, r-devel-linux-x86_64-fedora-gcc

Version: 1.0.0
Check: package dependencies
Result: ERROR Package required but not available: ‘GOstats’ See section ‘The DESCRIPTION file’ in the ‘Writing R Extensions’ manual. Flavor: r-oldrel-macos-arm64