CRAN Package Check Results for Package DNLC

Last updated on 2020-08-06 06:48:27 CEST.

Flavor Version Tinstall Tcheck Ttotal Status Flags
r-devel-linux-x86_64-debian-clang 1.0.0 11.62 24.76 36.38 OK
r-devel-linux-x86_64-debian-gcc 1.0.0 10.32 19.47 29.79 OK
r-devel-linux-x86_64-fedora-clang 1.0.0 55.98 NOTE
r-devel-linux-x86_64-fedora-gcc 1.0.0 44.80 NOTE
r-devel-windows-ix86+x86_64 1.0.0 26.00 38.00 64.00 OK
r-patched-linux-x86_64 1.0.0 11.00 24.65 35.65 OK
r-patched-solaris-x86 1.0.0 73.10 NOTE
r-release-linux-x86_64 1.0.0 11.03 24.60 35.63 OK
r-release-macos-x86_64 1.0.0 NOTE
r-release-windows-ix86+x86_64 1.0.0 26.00 50.00 76.00 OK
r-oldrel-macos-x86_64 1.0.0 WARN
r-oldrel-windows-ix86+x86_64 1.0.0 16.00 48.00 64.00 OK

Check Details

Version: 1.0.0
Check: dependencies in R code
Result: NOTE
    Namespaces in Imports field not imported from:
     ‘GOstats’ ‘caTools’ ‘fdrtool’
     All declared Imports should be used.
Flavors: r-devel-linux-x86_64-fedora-clang, r-devel-linux-x86_64-fedora-gcc, r-patched-solaris-x86, r-release-macos-x86_64, r-oldrel-macos-x86_64

Version: 1.0.0
Check: whether package can be installed
Result: WARN
    Found the following significant warnings:
     Warning: package ‘AnnotationDbi’ was built under R version 3.6.1
     Warning: package ‘IRanges’ was built under R version 3.6.1
     Warning: package ‘S4Vectors’ was built under R version 3.6.1
Flavor: r-oldrel-macos-x86_64