Last updated on 2023-03-26 06:53:22 CEST.
Flavor | Version | Tinstall | Tcheck | Ttotal | Status | Flags |
---|---|---|---|---|---|---|
r-devel-linux-x86_64-debian-clang | 2.1.0 | 11.91 | 122.01 | 133.92 | OK | |
r-devel-linux-x86_64-debian-gcc | 2.1.0 | 9.76 | 93.85 | 103.61 | OK | |
r-devel-linux-x86_64-fedora-gcc | 2.1.0 | 171.92 | NOTE | |||
r-devel-windows-x86_64 | 2.1.0 | 40.00 | 161.00 | 201.00 | OK | |
r-patched-linux-x86_64 | 2.1.0 | 11.31 | 114.74 | 126.05 | OK | |
r-release-linux-x86_64 | 2.1.0 | 11.34 | 118.73 | 130.07 | OK | |
r-release-macos-arm64 | 2.1.0 | 49.00 | NOTE | |||
r-release-macos-x86_64 | 2.1.0 | 99.00 | NOTE | |||
r-release-windows-x86_64 | 2.1.0 | 37.00 | 162.00 | 199.00 | OK | |
r-oldrel-macos-arm64 | 2.1.0 | 54.00 | NOTE | |||
r-oldrel-macos-x86_64 | 2.1.0 | 64.00 | NOTE | |||
r-oldrel-windows-ix86+x86_64 | 2.1.0 | 26.00 | 147.00 | 173.00 | OK |
Version: 2.1.0
Check: data for non-ASCII characters
Result: NOTE
Note: found 100 marked UTF-8 strings
Flavors: r-devel-linux-x86_64-fedora-gcc, r-release-macos-arm64, r-release-macos-x86_64, r-oldrel-macos-arm64, r-oldrel-macos-x86_64