Last updated on 2023-01-28 07:14:52 CET.
Flavor | Version | Tinstall | Tcheck | Ttotal | Status | Flags |
---|---|---|---|---|---|---|
r-devel-linux-x86_64-debian-clang | 0.1.2 | 51.99 | 56.35 | 108.34 | OK | |
r-devel-linux-x86_64-debian-gcc | 0.1.2 | 47.38 | 42.87 | 90.25 | OK | |
r-devel-linux-x86_64-fedora-clang | 0.1.2 | 165.33 | OK | |||
r-devel-linux-x86_64-fedora-gcc | 0.1.2 | 159.91 | OK | |||
r-devel-windows-x86_64 | 0.1.2 | 50.00 | 106.00 | 156.00 | OK | |
r-patched-linux-x86_64 | 0.1.2 | 44.65 | 56.36 | 101.01 | OK | |
r-release-linux-x86_64 | 0.1.2 | 47.40 | 56.60 | 104.00 | OK | |
r-release-macos-arm64 | 0.1.2 | 40.00 | NOTE | |||
r-release-macos-x86_64 | 0.1.2 | 54.00 | NOTE | |||
r-release-windows-x86_64 | 0.1.2 | 50.00 | 110.00 | 160.00 | OK | |
r-oldrel-macos-arm64 | 0.1.2 | 46.00 | NOTE | |||
r-oldrel-macos-x86_64 | 0.1.2 | 83.00 | NOTE | |||
r-oldrel-windows-ix86+x86_64 | 0.1.2 | 127.00 | 126.00 | 253.00 | OK |
Version: 0.1.2
Check: installed package size
Result: NOTE
installed size is 6.1Mb
sub-directories of 1Mb or more:
libs 5.5Mb
Flavors: r-release-macos-arm64, r-release-macos-x86_64, r-oldrel-macos-arm64, r-oldrel-macos-x86_64