CRAN Package Check Results for Package DPtree

Last updated on 2025-01-23 07:50:13 CET.

Flavor Version Tinstall Tcheck Ttotal Status Flags
r-devel-linux-x86_64-debian-clang 1.0.1 2.12 24.37 26.49 OK
r-devel-linux-x86_64-debian-gcc 1.0.1 1.54 19.09 20.63 OK
r-devel-linux-x86_64-fedora-clang 1.0.1 42.28 NOTE
r-devel-linux-x86_64-fedora-gcc 1.0.1 41.11 NOTE
r-devel-windows-x86_64 1.0.1 3.00 49.00 52.00 OK
r-patched-linux-x86_64 1.0.1 2.26 23.22 25.48 NOTE
r-release-linux-x86_64 1.0.1 1.98 23.08 25.06 NOTE
r-release-macos-arm64 1.0.1 18.00 NOTE
r-release-macos-x86_64 1.0.1 24.00 NOTE
r-release-windows-x86_64 1.0.1 4.00 47.00 51.00 NOTE
r-oldrel-macos-arm64 1.0.1 20.00 NOTE
r-oldrel-macos-x86_64 1.0.1 24.00 NOTE
r-oldrel-windows-x86_64 1.0.1 4.00 50.00 54.00 NOTE

Check Details

Version: 1.0.1
Check: dependencies in R code
Result: NOTE Namespace in Imports field not imported from: ‘MASS’ All declared Imports should be used. Flavors: r-devel-linux-x86_64-fedora-clang, r-devel-linux-x86_64-fedora-gcc

Version: 1.0.1
Check: LazyData
Result: NOTE 'LazyData' is specified without a 'data' directory Flavors: r-patched-linux-x86_64, r-release-linux-x86_64, r-release-macos-arm64, r-release-macos-x86_64, r-release-windows-x86_64, r-oldrel-macos-arm64, r-oldrel-macos-x86_64, r-oldrel-windows-x86_64