CRAN Package Check Results for Package DSAIDE

Last updated on 2022-10-04 06:56:22 CEST.

Flavor Version Tinstall Tcheck Ttotal Status Flags
r-devel-linux-x86_64-debian-clang 0.9.3 12.62 183.03 195.65 OK
r-devel-linux-x86_64-debian-gcc 0.9.3 9.03 129.62 138.65 OK
r-devel-linux-x86_64-fedora-clang 0.9.3 251.13 NOTE
r-devel-linux-x86_64-fedora-gcc 0.9.3 223.73 OK
r-devel-windows-x86_64 0.9.3 81.00 217.00 298.00 NOTE
r-patched-linux-x86_64 0.9.3 7.18 169.05 176.23 OK
r-release-linux-x86_64 0.9.3 7.28 165.91 173.19 OK
r-release-macos-arm64 0.9.3 58.00 NOTE
r-release-macos-x86_64 0.9.3 90.00 NOTE
r-release-windows-x86_64 0.9.3 88.00 208.00 296.00 NOTE
r-oldrel-macos-arm64 0.9.3 64.00 NOTE
r-oldrel-macos-x86_64 0.9.3 76.00 NOTE
r-oldrel-windows-ix86+x86_64 0.9.3 25.00 210.00 235.00 NOTE

Check Details

Version: 0.9.3
Check: installed package size
Result: NOTE
     installed size is 5.2Mb
     sub-directories of 1Mb or more:
     appinformation 4.1Mb
Flavors: r-devel-linux-x86_64-fedora-clang, r-devel-windows-x86_64, r-release-macos-arm64, r-release-macos-x86_64, r-release-windows-x86_64, r-oldrel-macos-arm64, r-oldrel-macos-x86_64, r-oldrel-windows-ix86+x86_64