Last updated on 2023-09-24 06:53:36 CEST.
Flavor | Version | Tinstall | Tcheck | Ttotal | Status | Flags |
---|---|---|---|---|---|---|
r-devel-linux-x86_64-debian-clang | 0.9.6 | 11.86 | 174.53 | 186.39 | OK | |
r-devel-linux-x86_64-debian-gcc | 0.9.6 | 8.25 | 123.51 | 131.76 | OK | |
r-devel-linux-x86_64-fedora-clang | 0.9.6 | 221.68 | NOTE | |||
r-devel-linux-x86_64-fedora-gcc | 0.9.6 | 234.74 | OK | |||
r-devel-windows-x86_64 | 0.9.6 | 12.00 | 145.00 | 157.00 | NOTE | |
r-patched-linux-x86_64 | 0.9.6 | 8.16 | 164.87 | 173.03 | OK | |
r-release-linux-x86_64 | 0.9.6 | 9.83 | 164.40 | 174.23 | OK | |
r-release-macos-arm64 | 0.9.6 | 69.00 | NOTE | |||
r-release-macos-x86_64 | 0.9.6 | 175.00 | NOTE | |||
r-release-windows-x86_64 | 0.9.6 | 15.00 | 182.00 | 197.00 | NOTE | |
r-oldrel-macos-arm64 | 0.9.6 | 69.00 | NOTE | |||
r-oldrel-macos-x86_64 | 0.9.6 | 83.00 | NOTE | |||
r-oldrel-windows-x86_64 | 0.9.6 | 16.00 | 180.00 | 196.00 | NOTE |
Version: 0.9.6
Check: installed package size
Result: NOTE
installed size is 5.3Mb
sub-directories of 1Mb or more:
appinformation 4.1Mb
Flavors: r-devel-linux-x86_64-fedora-clang, r-devel-windows-x86_64, r-release-macos-arm64, r-release-macos-x86_64, r-release-windows-x86_64, r-oldrel-macos-arm64, r-oldrel-macos-x86_64, r-oldrel-windows-x86_64