CRAN Package Check Results for Package DSpoty

Last updated on 2023-03-27 06:50:05 CEST.

Flavor Version Tinstall Tcheck Ttotal Status Flags
r-devel-linux-x86_64-debian-clang 0.1.0 6.09 43.49 49.58 NOTE
r-devel-linux-x86_64-debian-gcc 0.1.0 3.98 33.43 37.41 NOTE
r-devel-linux-x86_64-fedora-clang 0.1.0 61.76 NOTE
r-devel-linux-x86_64-fedora-gcc 0.1.0 57.04 NOTE
r-devel-windows-x86_64 0.1.0 24.00 79.00 103.00 NOTE
r-patched-linux-x86_64 0.1.0 6.49 41.23 47.72 NOTE
r-release-linux-x86_64 0.1.0 3.95 42.94 46.89 NOTE
r-release-macos-arm64 0.1.0 26.00 NOTE
r-release-macos-x86_64 0.1.0 45.00 NOTE
r-release-windows-x86_64 0.1.0 23.00 75.00 98.00 NOTE
r-oldrel-macos-arm64 0.1.0 28.00 NOTE
r-oldrel-macos-x86_64 0.1.0 38.00 NOTE
r-oldrel-windows-ix86+x86_64 0.1.0 13.00 76.00 89.00 NOTE

Check Details

Version: 0.1.0
Check: LazyData
Result: NOTE
     'LazyData' is specified without a 'data' directory
Flavors: r-devel-linux-x86_64-debian-clang, r-devel-linux-x86_64-debian-gcc, r-devel-linux-x86_64-fedora-clang, r-devel-linux-x86_64-fedora-gcc, r-devel-windows-x86_64, r-patched-linux-x86_64, r-release-linux-x86_64, r-release-macos-arm64, r-release-macos-x86_64, r-release-windows-x86_64, r-oldrel-macos-arm64, r-oldrel-macos-x86_64, r-oldrel-windows-ix86+x86_64