CRAN Package Check Results for Package DTWBI

Last updated on 2024-02-29 06:54:05 CET.

Flavor Version Tinstall Tcheck Ttotal Status Flags
r-devel-linux-x86_64-debian-clang 1.1 2.61 34.63 37.24 NOTE
r-devel-linux-x86_64-debian-gcc 1.1 2.78 26.79 29.57 NOTE
r-devel-linux-x86_64-fedora-clang 1.1 48.09 NOTE
r-devel-linux-x86_64-fedora-gcc 1.1 46.85 NOTE
r-devel-windows-x86_64 1.1 4.00 49.00 53.00 OK
r-patched-linux-x86_64 1.1 3.42 33.22 36.64 OK
r-release-linux-x86_64 1.1 3.33 33.98 37.31 OK
r-release-macos-arm64 1.1 21.00 OK
r-release-macos-x86_64 1.1 28.00 OK
r-release-windows-x86_64 1.1 5.00 54.00 59.00 OK
r-oldrel-macos-arm64 1.1 22.00 OK
r-oldrel-windows-x86_64 1.1 5.00 54.00 59.00 OK

Check Details

Version: 1.1
Check: Rd files
Result: NOTE checkRd: (-1) DTWBI_univariate.Rd:30: Lost braces in \itemize; \value handles \item{}{} directly checkRd: (-1) DTWBI_univariate.Rd:31: Lost braces in \itemize; \value handles \item{}{} directly checkRd: (-1) DTWBI_univariate.Rd:32: Lost braces in \itemize; \value handles \item{}{} directly checkRd: (-1) DTWBI_univariate.Rd:33: Lost braces in \itemize; \value handles \item{}{} directly checkRd: (-1) DTWBI_univariate.Rd:34: Lost braces in \itemize; \value handles \item{}{} directly checkRd: (-1) DTWBI_univariate.Rd:35: Lost braces in \itemize; \value handles \item{}{} directly checkRd: (-1) DTWBI_univariate.Rd:36: Lost braces in \itemize; \value handles \item{}{} directly checkRd: (-1) DTWBI_univariate.Rd:37: Lost braces in \itemize; \value handles \item{}{} directly checkRd: (-1) dist_afbdtw.Rd:20: Lost braces in \itemize; \value handles \item{}{} directly checkRd: (-1) dist_afbdtw.Rd:21: Lost braces in \itemize; \value handles \item{}{} directly checkRd: (-1) dist_afbdtw.Rd:22: Lost braces in \itemize; \value handles \item{}{} directly checkRd: (-1) dist_afbdtw.Rd:23: Lost braces in \itemize; \value handles \item{}{} directly checkRd: (-1) dist_afbdtw.Rd:24: Lost braces in \itemize; \value handles \item{}{} directly checkRd: (-1) dist_afbdtw.Rd:25: Lost braces in \itemize; \value handles \item{}{} directly checkRd: (-1) dist_afbdtw.Rd:26: Lost braces in \itemize; \value handles \item{}{} directly checkRd: (-1) dist_afbdtw.Rd:27: Lost braces in \itemize; \value handles \item{}{} directly checkRd: (-1) dist_afbdtw.Rd:28: Lost braces in \itemize; \value handles \item{}{} directly checkRd: (-1) gapCreation.Rd:19: Lost braces in \itemize; \value handles \item{}{} directly checkRd: (-1) gapCreation.Rd:20: Lost braces in \itemize; \value handles \item{}{} directly checkRd: (-1) gapCreation.Rd:21: Lost braces in \itemize; \value handles \item{}{} directly checkRd: (-1) gapCreation.Rd:22: Lost braces in \itemize; \value handles \item{}{} directly checkRd: (-1) gapCreation.Rd:23: Lost braces in \itemize; \value handles \item{}{} directly Flavors: r-devel-linux-x86_64-debian-clang, r-devel-linux-x86_64-debian-gcc, r-devel-linux-x86_64-fedora-clang, r-devel-linux-x86_64-fedora-gcc