Last updated on 2023-03-24 05:52:10 CET.
Flavor | Version | Tinstall | Tcheck | Ttotal | Status | Flags |
---|---|---|---|---|---|---|
r-devel-linux-x86_64-debian-clang | 0.8.2 | 8.26 | 271.72 | 279.98 | NOTE | |
r-devel-linux-x86_64-debian-gcc | 0.8.2 | 6.03 | 187.08 | 193.11 | NOTE | |
r-devel-linux-x86_64-fedora-clang | 0.8.2 | 317.45 | NOTE | |||
r-devel-linux-x86_64-fedora-gcc | 0.8.2 | 301.39 | NOTE | |||
r-devel-windows-x86_64 | 0.8.2 | 53.00 | 314.00 | 367.00 | NOTE | |
r-patched-linux-x86_64 | 0.8.2 | 13.26 | 239.07 | 252.33 | NOTE | |
r-release-linux-x86_64 | 0.8.2 | 8.01 | 240.06 | 248.07 | NOTE | |
r-release-macos-arm64 | 0.8.2 | 100.00 | NOTE | |||
r-release-macos-x86_64 | 0.8.2 | 196.00 | NOTE | |||
r-release-windows-x86_64 | 0.8.2 | 85.00 | 330.00 | 415.00 | NOTE | |
r-oldrel-macos-arm64 | 0.8.2 | 154.00 | NOTE | |||
r-oldrel-macos-x86_64 | 0.8.2 | 215.00 | NOTE | |||
r-oldrel-windows-ix86+x86_64 | 0.8.2 | 19.00 | 338.00 | 357.00 | NOTE |
Version: 0.8.2
Check: LazyData
Result: NOTE
'LazyData' is specified without a 'data' directory
Flavors: r-devel-linux-x86_64-debian-clang, r-devel-linux-x86_64-debian-gcc, r-devel-linux-x86_64-fedora-clang, r-devel-linux-x86_64-fedora-gcc, r-devel-windows-x86_64, r-patched-linux-x86_64, r-release-linux-x86_64, r-release-macos-arm64, r-release-macos-x86_64, r-release-windows-x86_64, r-oldrel-macos-arm64, r-oldrel-macos-x86_64, r-oldrel-windows-ix86+x86_64