CRAN Package Check Results for Package DataFakeR

Last updated on 2022-01-26 06:50:11 CET.

Flavor Version Tinstall Tcheck Ttotal Status Flags
r-devel-linux-x86_64-debian-clang 0.1.2 5.04 59.60 64.64 OK
r-devel-linux-x86_64-debian-gcc 0.1.2 4.39 46.01 50.40 OK
r-devel-linux-x86_64-fedora-clang 0.1.2 85.61 NOTE
r-devel-linux-x86_64-fedora-gcc 0.1.2 72.50 NOTE
r-devel-windows-x86_64-new-UL 0.1.2 71.00 102.00 173.00 OK
r-devel-windows-x86_64-new-TK 0.1.2 NOTE
r-patched-linux-x86_64 0.1.2 3.76 61.19 64.95 OK
r-release-linux-x86_64 0.1.2 3.90 60.50 64.40 OK
r-release-macos-arm64 0.1.2 NOTE
r-release-macos-x86_64 0.1.2 NOTE
r-release-windows-ix86+x86_64 0.1.2 10.00 80.00 90.00 OK
r-oldrel-macos-x86_64 0.1.2 NOTE
r-oldrel-windows-ix86+x86_64 0.1.2 10.00 83.00 93.00 OK

Check Details

Version: 0.1.2
Check: dependencies in R code
Result: NOTE
    Namespace in Imports field not imported from: ‘R6’
     All declared Imports should be used.
Flavors: r-devel-linux-x86_64-fedora-clang, r-devel-linux-x86_64-fedora-gcc, r-devel-windows-x86_64-new-TK, r-release-macos-arm64, r-release-macos-x86_64, r-oldrel-macos-x86_64