Last updated on 2023-02-02 06:54:47 CET.
Flavor | Version | Tinstall | Tcheck | Ttotal | Status | Flags |
---|---|---|---|---|---|---|
r-devel-linux-x86_64-debian-clang | 1.2.3 | 55.26 | 296.38 | 351.64 | NOTE | |
r-devel-linux-x86_64-debian-gcc | 1.2.3 | 43.85 | 216.85 | 260.70 | NOTE | |
r-devel-linux-x86_64-fedora-clang | 1.2.3 | 374.26 | NOTE | |||
r-devel-linux-x86_64-fedora-gcc | 1.2.3 | 447.30 | NOTE | |||
r-devel-windows-x86_64 | 1.2.3 | 325.00 | 352.00 | 677.00 | NOTE | |
r-patched-linux-x86_64 | 1.2.3 | 52.47 | 285.61 | 338.08 | OK | |
r-release-linux-x86_64 | 1.2.3 | 48.13 | 293.28 | 341.41 | OK | |
r-release-macos-arm64 | 1.2.3 | 153.00 | NOTE | |||
r-release-macos-x86_64 | 1.2.3 | 151.00 | NOTE | |||
r-release-windows-x86_64 | 1.2.3 | 294.00 | 374.00 | 668.00 | NOTE | |
r-oldrel-macos-arm64 | 1.2.3 | 134.00 | NOTE | |||
r-oldrel-macos-x86_64 | 1.2.3 | 151.00 | NOTE | |||
r-oldrel-windows-ix86+x86_64 | 1.2.3 | 135.00 | 368.00 | 503.00 | NOTE |
Version: 1.2.3
Check: C++ specification
Result: NOTE
Specified C++11: please update to current default of C++17
Flavors: r-devel-linux-x86_64-debian-clang, r-devel-linux-x86_64-debian-gcc, r-devel-linux-x86_64-fedora-clang, r-devel-linux-x86_64-fedora-gcc, r-devel-windows-x86_64
Version: 1.2.3
Check: Rd cross-references
Result: NOTE
Undeclared package ‘FCPS’ in Rd xrefs
Flavor: r-devel-linux-x86_64-fedora-clang
Version: 1.2.3
Check: installed package size
Result: NOTE
installed size is 5.6Mb
sub-directories of 1Mb or more:
doc 3.2Mb
libs 1.1Mb
Flavors: r-devel-windows-x86_64, r-release-macos-arm64, r-release-macos-x86_64, r-release-windows-x86_64, r-oldrel-macos-arm64, r-oldrel-macos-x86_64, r-oldrel-windows-ix86+x86_64