CRAN Package Check Results for Package DatabionicSwarm

Last updated on 2023-03-28 06:51:12 CEST.

Flavor Version Tinstall Tcheck Ttotal Status Flags
r-devel-linux-x86_64-debian-clang 1.1.6 152.88 103.02 255.90 NOTE
r-devel-linux-x86_64-debian-gcc 1.1.6 116.30 78.09 194.39 NOTE
r-devel-linux-x86_64-fedora-clang 1.1.6 380.34 NOTE
r-devel-linux-x86_64-fedora-gcc 1.1.6 352.54 NOTE
r-devel-windows-x86_64 1.1.6 160.00 167.00 327.00 NOTE
r-patched-linux-x86_64 1.1.6 119.95 106.34 226.29 NOTE
r-release-linux-x86_64 1.1.6 121.96 97.72 219.68 OK
r-release-macos-arm64 1.1.6 87.00 NOTE
r-release-macos-x86_64 1.1.6 112.00 NOTE
r-release-windows-x86_64 1.1.6 157.00 167.00 324.00 OK
r-oldrel-macos-arm64 1.1.6 97.00 NOTE
r-oldrel-macos-x86_64 1.1.6 123.00 NOTE
r-oldrel-windows-ix86+x86_64 1.1.6 369.00 170.00 539.00 NOTE

Check Details

Version: 1.1.6
Check: C++ specification
Result: NOTE
     Specified C++11: please drop specification unless essential
Flavors: r-devel-linux-x86_64-debian-clang, r-devel-linux-x86_64-debian-gcc, r-devel-linux-x86_64-fedora-clang, r-devel-linux-x86_64-fedora-gcc, r-devel-windows-x86_64, r-patched-linux-x86_64

Version: 1.1.6
Check: installed package size
Result: NOTE
     installed size is 7.0Mb
     sub-directories of 1Mb or more:
     doc 2.8Mb
     libs 3.9Mb
Flavors: r-release-macos-arm64, r-release-macos-x86_64, r-oldrel-macos-arm64, r-oldrel-macos-x86_64, r-oldrel-windows-ix86+x86_64